{"id":130,"date":"2025-06-12T22:03:50","date_gmt":"2025-06-12T22:03:50","guid":{"rendered":"https:\/\/acapulco.gob.mx\/immujer\/?page_id=130"},"modified":"2025-06-24T22:31:08","modified_gmt":"2025-06-24T22:31:08","slug":"legislacion-estatal","status":"publish","type":"page","link":"https:\/\/acapulco.gob.mx\/immujer\/biblioteca-juridica\/legislacion-estatal\/","title":{"rendered":"Legislaci\u00f3n Estatal"},"content":{"rendered":"\n<ul class=\"wp-block-list\">\n<li><a href=\"https:\/\/acapulco.gob.mx\/immujer\/wp-content\/uploads\/2025\/06\/Constitucion_Politica_del_Estado_Libre_y_Soberano_de_Guerrero.pdf\" target=\"_blank\" rel=\"noreferrer noopener\">Constituci\u00f3n Pol\u00edtica del Estado Libre y Soberano de Guerrero<\/a><\/li>\n\n\n\n<li><a href=\"https:\/\/acapulco.gob.mx\/immujer\/wp-content\/uploads\/2025\/06\/Ley_Organica_del_Municipio_Libre_del_Estado_de_Guerrero.pdf\" target=\"_blank\" rel=\"noreferrer noopener\">Ley Org\u00e1nica del Municipio Libre del Estado de Guerrero<\/a><\/li>\n\n\n\n<li><a href=\"https:\/\/acapulco.gob.mx\/immujer\/wp-content\/uploads\/2025\/06\/Ley_242_Organica_de_la_Administracion_Publica_del_Estado_de_Guerrero.pdf\" target=\"_blank\" rel=\"noreferrer noopener\">Ley 242 Org\u00e1nica de la Administraci\u00f3n Publica del Estado de Guerrero<\/a><\/li>\n\n\n\n<li><a href=\"https:\/\/acapulco.gob.mx\/immujer\/wp-content\/uploads\/2025\/06\/Ley_280_de_Prevencion_y_Atencion_de_la_Violencia_Familiar_del_Estado_de_Guerrero.pdf\" target=\"_blank\" rel=\"noreferrer noopener\">Ley 280 de Prevenci\u00f3n y Atenci\u00f3n de la Violencia Familiar del Estado de Guerrero<\/a><\/li>\n\n\n\n<li><a href=\"https:\/\/acapulco.gob.mx\/immujer\/wp-content\/uploads\/2025\/06\/LEY_417_PARA_PREVENIR_Y_ERRADICAR_LA_TRATA_DE_PERSONAS_Y_PARA_LA_PROTECCION_ATENCION_Y_ASISTENCIA_DE_LAS_VICTIMAS_OFENDIDOS_Y_TESTIGOS_DE_ESTOS_DELITOS_EN_EL_ESTADO_DE_GUERRERO.pdf\" target=\"_blank\" rel=\"noreferrer noopener\">Ley 417 para Prevenir y Erradicar la Trata de Personas y para la Protecci\u00f3n, Atenci\u00f3n y Asistencia de las V\u00edctimas, Ofendidos y Testigos de estos Delitos en el Estado de Guerrero<\/a><\/li>\n\n\n\n<li><a href=\"https:\/\/acapulco.gob.mx\/immujer\/wp-content\/uploads\/2025\/06\/LEY_450_DE_VICTIMAS_DEL_ESTADO_LIBRE_Y_SOBERANO_DE_GUERRERO.pdf\" target=\"_blank\" rel=\"noreferrer noopener\">Ley 450 de V\u00edctimas del Estado Libre y Soberano de Guerrero<\/a><\/li>\n\n\n\n<li><a href=\"https:\/\/acapulco.gob.mx\/immujer\/wp-content\/uploads\/2025\/06\/Ley_494_para_la_Igualdad_entre_Mujeres_y_Hombres_del_Estado_de_Guerrero.pdf\" target=\"_blank\" rel=\"noreferrer noopener\">Ley 494 para la Igualdad entre Mujeres y Hombres del Estado de Guerrero<\/a><\/li>\n\n\n\n<li><a href=\"https:\/\/acapulco.gob.mx\/immujer\/wp-content\/uploads\/2025\/06\/LEY_553_DE_ACCESO_DE_LAS_MUJERES_A_UNA_VIDA_LIBRE_DE_VIOLENCIA_DEL_ESTADO_DE_GUERRERO.pdf\" target=\"_blank\" rel=\"noreferrer noopener\">Ley 553 de Acceso de las Mujeres a una Vida Libre de Violencia del Estado de Guerrero<\/a><\/li>\n\n\n\n<li><a href=\"https:\/\/acapulco.gob.mx\/immujer\/wp-content\/uploads\/2025\/06\/Ley_de_Divorcio_del_Estado_de_Guerrero.pdf\" target=\"_blank\" rel=\"noreferrer noopener\">Ley de Divorcio del Estado de Guerrero<\/a><\/li>\n\n\n\n<li><a href=\"https:\/\/acapulco.gob.mx\/immujer\/wp-content\/uploads\/2025\/06\/Reglamento_de_la_LEY_450_DE_VICTIMAS_DEL_ESTADO_LIBRE_Y_SOBERANO_DE_GUERRERO.pdf\" target=\"_blank\" rel=\"noreferrer noopener\">Reglamento de la Ley 450 de V\u00edctimas del Estado Libre y Soberano de Guerrero<\/a><\/li>\n\n\n\n<li><a href=\"https:\/\/acapulco.gob.mx\/immujer\/wp-content\/uploads\/2025\/06\/Reglamento_de_la_Ley_494_para_la_Igualdad_entre_Mujeres_y_Hombres_del_Estado_de_Guerrero.pdf\" target=\"_blank\" rel=\"noreferrer noopener\">Reglamento de la Ley 494 para la Igualdad entre Mujeres y Hombres del Estado de Guerrero<\/a><\/li>\n\n\n\n<li><a href=\"https:\/\/acapulco.gob.mx\/immujer\/wp-content\/uploads\/2025\/06\/Reglamento_de_la_Ley_553_Acceso_de_las_Mujeres_a_una_Vida_Libre_de_Violencia.pdf\" target=\"_blank\" rel=\"noreferrer noopener\">Reglamento de la Ley 553 de Acceso de las Mujeres a una Vida Libre de Violencia del Estado de Guerrero<\/a><\/li>\n\n\n\n<li><a href=\"https:\/\/acapulco.gob.mx\/immujer\/wp-content\/uploads\/2025\/06\/Reglamento_Interior_para_la_Organizacion_y_Funcionamiento_del_Sistema_para_la_Igualdad_entre_Mujeres_y_Hombres_del_Estado_de_Guerrero.pdf\" target=\"_blank\" rel=\"noreferrer noopener\">Reglamento Interior para la Organizaci\u00f3n y Funcionamiento del Sistema para la Igualdad entre Mujeres y Hombres del Estado de Guerrero<\/a><\/li>\n<\/ul>\n","protected":false},"excerpt":{"rendered":"","protected":false},"author":1,"featured_media":0,"parent":18,"menu_order":0,"comment_status":"closed","ping_status":"closed","template":"","meta":{"footnotes":""},"class_list":["post-130","page","type-page","status-publish","hentry"],"_links":{"self":[{"href":"https:\/\/acapulco.gob.mx\/immujer\/wp-json\/wp\/v2\/pages\/130","targetHints":{"allow":["GET"]}}],"collection":[{"href":"https:\/\/acapulco.gob.mx\/immujer\/wp-json\/wp\/v2\/pages"}],"about":[{"href":"https:\/\/acapulco.gob.mx\/immujer\/wp-json\/wp\/v2\/types\/page"}],"author":[{"embeddable":true,"href":"https:\/\/acapulco.gob.mx\/immujer\/wp-json\/wp\/v2\/users\/1"}],"replies":[{"embeddable":true,"href":"https:\/\/acapulco.gob.mx\/immujer\/wp-json\/wp\/v2\/comments?post=130"}],"version-history":[{"count":3,"href":"https:\/\/acapulco.gob.mx\/immujer\/wp-json\/wp\/v2\/pages\/130\/revisions"}],"predecessor-version":[{"id":143,"href":"https:\/\/acapulco.gob.mx\/immujer\/wp-json\/wp\/v2\/pages\/130\/revisions\/143"}],"up":[{"embeddable":true,"href":"https:\/\/acapulco.gob.mx\/immujer\/wp-json\/wp\/v2\/pages\/18"}],"wp:attachment":[{"href":"https:\/\/acapulco.gob.mx\/immujer\/wp-json\/wp\/v2\/media?parent=130"}],"curies":[{"name":"wp","href":"https:\/\/api.w.org\/{rel}","templated":true}]}}