{"id":156,"date":"2025-06-12T23:02:03","date_gmt":"2025-06-12T23:02:03","guid":{"rendered":"https:\/\/acapulco.gob.mx\/immujer\/?page_id=156"},"modified":"2025-06-12T23:02:03","modified_gmt":"2025-06-12T23:02:03","slug":"legislacion-internacional","status":"publish","type":"page","link":"https:\/\/acapulco.gob.mx\/immujer\/biblioteca-juridica\/legislacion-internacional\/","title":{"rendered":"Legislaci\u00f3n Internacional"},"content":{"rendered":"\n<ul class=\"wp-block-list\">\n<li><a href=\"https:\/\/acapulco.gob.mx\/immujer\/wp-content\/uploads\/2025\/06\/Convencion_Belem_do_Para.pdf\" target=\"_blank\" rel=\"noreferrer noopener\">Convenci\u00f3n Belem do Para<\/a><\/li>\n\n\n\n<li><a href=\"https:\/\/acapulco.gob.mx\/immujer\/wp-content\/uploads\/2025\/06\/Convencion_sobre_la_Eliminacion_de_Todas_las_Formas_de_Discriminacion_Contra_la_Mujer.pdf\" target=\"_blank\" rel=\"noreferrer noopener\">Convenci\u00f3n sobre la Eliminaci\u00f3n de Todas las Formas de Discriminaci\u00f3n Contra la Mujer<\/a><\/li>\n\n\n\n<li><a href=\"https:\/\/acapulco.gob.mx\/immujer\/wp-content\/uploads\/2025\/06\/Protocolo_Facultativo_de_la_Convencion_sobre_la_Eliminacion_de_todas_las_Formas_de_Discriminacion_contra_la_Mujer.pdf\" target=\"_blank\" rel=\"noreferrer noopener\">Protocolo Facultativo de la Convenci\u00f3n sobre la Eliminaci\u00f3n de todas las Formas de Discriminaci\u00f3n contra la Mujer<\/a><\/li>\n<\/ul>\n\n\n\n<p><\/p>\n","protected":false},"excerpt":{"rendered":"","protected":false},"author":1,"featured_media":0,"parent":18,"menu_order":0,"comment_status":"closed","ping_status":"closed","template":"","meta":{"footnotes":""},"class_list":["post-156","page","type-page","status-publish","hentry"],"_links":{"self":[{"href":"https:\/\/acapulco.gob.mx\/immujer\/wp-json\/wp\/v2\/pages\/156","targetHints":{"allow":["GET"]}}],"collection":[{"href":"https:\/\/acapulco.gob.mx\/immujer\/wp-json\/wp\/v2\/pages"}],"about":[{"href":"https:\/\/acapulco.gob.mx\/immujer\/wp-json\/wp\/v2\/types\/page"}],"author":[{"embeddable":true,"href":"https:\/\/acapulco.gob.mx\/immujer\/wp-json\/wp\/v2\/users\/1"}],"replies":[{"embeddable":true,"href":"https:\/\/acapulco.gob.mx\/immujer\/wp-json\/wp\/v2\/comments?post=156"}],"version-history":[{"count":2,"href":"https:\/\/acapulco.gob.mx\/immujer\/wp-json\/wp\/v2\/pages\/156\/revisions"}],"predecessor-version":[{"id":161,"href":"https:\/\/acapulco.gob.mx\/immujer\/wp-json\/wp\/v2\/pages\/156\/revisions\/161"}],"up":[{"embeddable":true,"href":"https:\/\/acapulco.gob.mx\/immujer\/wp-json\/wp\/v2\/pages\/18"}],"wp:attachment":[{"href":"https:\/\/acapulco.gob.mx\/immujer\/wp-json\/wp\/v2\/media?parent=156"}],"curies":[{"name":"wp","href":"https:\/\/api.w.org\/{rel}","templated":true}]}}