{"id":40,"date":"2025-07-10T18:38:50","date_gmt":"2025-07-10T18:38:50","guid":{"rendered":"https:\/\/acapulco.gob.mx\/proteccioncivil\/?page_id=40"},"modified":"2025-07-31T18:24:24","modified_gmt":"2025-07-31T18:24:24","slug":"cursos-de-capacitacion","status":"publish","type":"page","link":"https:\/\/acapulco.gob.mx\/proteccioncivil\/tramites-y-servicios\/cursos-de-capacitacion\/","title":{"rendered":"Cursos de Capacitaci\u00f3n"},"content":{"rendered":"\n<p>La Direcci\u00f3n de Protecci\u00f3n Civil, a trav\u00e9s del Departamento de Capacitaci\u00f3n, pone a disposici\u00f3n el cat\u00e1logo de sus:<\/p>\n\n\n\n<p class=\"has-text-align-center\"><strong>CURSOS DE CAPACITACI\u00d3N<\/strong><\/p>\n\n\n\n<p>1.- Evacuaci\u00f3n, B\u00fasqueda y Rescate.<br>2.- Prevenci\u00f3n y Control de Incendios.<br>3- B\u00e1sico de Primeros Auxilios<br>4.- Dise\u00f1o de Escenarios y Elaboraci\u00f3n de Simulacros<br>5.- Se\u00f1alizaciones en Protecci\u00f3n Civil NOM-003-SEGOB-2018<br> \u00a0\u00a0\u00a0\u00a0\u00a0\u00a0\u00a0\u00a0\u00a0\u00a0\u00a0\u00a0\u00a0 &#8211;\u00a0 Introducci\u00f3n<br>\u00a0\u00a0\u00a0\u00a0\u00a0\u00a0\u00a0\u00a0\u00a0\u00a0\u00a0\u00a0\u00a0 &#8211;\u00a0 Objetivo.<br>\u00a0\u00a0\u00a0\u00a0\u00a0\u00a0\u00a0\u00a0\u00a0\u00a0\u00a0\u00a0\u00a0 &#8211;\u00a0 Campo de aplicaci\u00f3n.<br>\u00a0\u00a0\u00a0\u00a0\u00a0\u00a0\u00a0\u00a0\u00a0\u00a0\u00a0\u00a0\u00a0 &#8211;\u00a0 Referencias.<br>\u00a0\u00a0\u00a0\u00a0\u00a0\u00a0\u00a0\u00a0\u00a0\u00a0\u00a0\u00a0\u00a0 &#8211;\u00a0 Definiciones.<br>\u00a0\u00a0\u00a0\u00a0\u00a0\u00a0\u00a0\u00a0\u00a0\u00a0\u00a0\u00a0\u00a0 &#8211;\u00a0 Clasificaci\u00f3n.<br>\u00a0\u00a0\u00a0\u00a0\u00a0\u00a0\u00a0\u00a0\u00a0\u00a0\u00a0\u00a0\u00a0 &#8211;\u00a0 Especificaciones.<br>\u00a0\u00a0\u00a0\u00a0\u00a0\u00a0\u00a0\u00a0\u00a0\u00a0\u00a0\u00a0\u00a0 &#8211;\u00a0 Bibliograf\u00eda.<br>\u00a0\u00a0\u00a0\u00a0\u00a0\u00a0\u00a0\u00a0\u00a0\u00a0\u00a0\u00a0\u00a0 &#8211;\u00a0 Concordancia con normas internacionales.<br>6.- Prevenci\u00f3n, Alertamiento y Evacuaci\u00f3n en caso de Tsunami NOM-006-SEGOB-2015<br>7.- \u00bfQu\u00e9 hacer en caso de Actos Violentos?<br>8.- Fen\u00f3menos Perturbadores<br>9.- Formaci\u00f3n de Unidades Internas de Protecci\u00f3n Civil<br>10.- Taller de Formaci\u00f3n de Brigadas Comunitarias (Comit\u00e9s Vecinales)<br>11.- Taller Plan Familiar de Protecci\u00f3n Civil<br>12.- Prevenci\u00f3n de Incendios Forestales<\/p>\n\n\n\n<div style=\"height:50px\" aria-hidden=\"true\" class=\"wp-block-spacer\"><\/div>\n\n\n\n<p class=\"has-text-align-center\"><strong>REQUISITOS PARA REVISI\u00d3N DE MEDIDAS DE SEGURIDAD, SIMULACROS, O SOLICITAR UN CURSO DE CAPACITACI\u00d3N<\/strong><\/p>\n\n\n\n<ul class=\"wp-block-list\">\n<li>Solicitud por escrito en original y copia, dirigida al Coordinador General de Protecci\u00f3n Civil y Bomberos (T.U.M. Ra\u00fal Noyola Rocha), describiendo la atenci\u00f3n solicitada: Revisi\u00f3n de Medidas de Seguridad, Supervisi\u00f3n o realizaci\u00f3n de Simulacros, o el curso solicitado, fecha y hora propuesta, lugar al realizar el curso.<\/li>\n\n\n\n<li>Mencionar la direcci\u00f3n, enlace de contacto y un n\u00famero telef\u00f3nico.<\/li>\n<\/ul>\n","protected":false},"excerpt":{"rendered":"<p>La Direcci\u00f3n de Protecci\u00f3n Civil, a trav\u00e9s del Departamento de Capacitaci\u00f3n, pone a disposici\u00f3n el cat\u00e1logo de sus: CURSOS DE CAPACITACI\u00d3N 1.- Evacuaci\u00f3n, B\u00fasqueda y Rescate.2.- Prevenci\u00f3n y Control de Incendios.3- B\u00e1sico de Primeros Auxilios4.- Dise\u00f1o de Escenarios y Elaboraci\u00f3n de Simulacros5.- Se\u00f1alizaciones en Protecci\u00f3n Civil NOM-003-SEGOB-2018 \u00a0\u00a0\u00a0\u00a0\u00a0\u00a0\u00a0\u00a0\u00a0\u00a0\u00a0\u00a0\u00a0 &#8211;\u00a0 Introducci\u00f3n\u00a0\u00a0\u00a0\u00a0\u00a0\u00a0\u00a0\u00a0\u00a0\u00a0\u00a0\u00a0\u00a0 &#8211;\u00a0 Objetivo.\u00a0\u00a0\u00a0\u00a0\u00a0\u00a0\u00a0\u00a0\u00a0\u00a0\u00a0\u00a0\u00a0 &#8211;\u00a0 Campo de <a class=\"more-link\" href=\"https:\/\/acapulco.gob.mx\/proteccioncivil\/tramites-y-servicios\/cursos-de-capacitacion\/\">Continue reading <i class=\"fa fa-chevron-right\"><\/i><\/a><\/p>\n","protected":false},"author":1,"featured_media":0,"parent":26,"menu_order":0,"comment_status":"closed","ping_status":"closed","template":"","meta":{"footnotes":""},"class_list":["post-40","page","type-page","status-publish","hentry"],"_links":{"self":[{"href":"https:\/\/acapulco.gob.mx\/proteccioncivil\/wp-json\/wp\/v2\/pages\/40","targetHints":{"allow":["GET"]}}],"collection":[{"href":"https:\/\/acapulco.gob.mx\/proteccioncivil\/wp-json\/wp\/v2\/pages"}],"about":[{"href":"https:\/\/acapulco.gob.mx\/proteccioncivil\/wp-json\/wp\/v2\/types\/page"}],"author":[{"embeddable":true,"href":"https:\/\/acapulco.gob.mx\/proteccioncivil\/wp-json\/wp\/v2\/users\/1"}],"replies":[{"embeddable":true,"href":"https:\/\/acapulco.gob.mx\/proteccioncivil\/wp-json\/wp\/v2\/comments?post=40"}],"version-history":[{"count":3,"href":"https:\/\/acapulco.gob.mx\/proteccioncivil\/wp-json\/wp\/v2\/pages\/40\/revisions"}],"predecessor-version":[{"id":249,"href":"https:\/\/acapulco.gob.mx\/proteccioncivil\/wp-json\/wp\/v2\/pages\/40\/revisions\/249"}],"up":[{"embeddable":true,"href":"https:\/\/acapulco.gob.mx\/proteccioncivil\/wp-json\/wp\/v2\/pages\/26"}],"wp:attachment":[{"href":"https:\/\/acapulco.gob.mx\/proteccioncivil\/wp-json\/wp\/v2\/media?parent=40"}],"curies":[{"name":"wp","href":"https:\/\/api.w.org\/{rel}","templated":true}]}}