{"id":1078,"date":"2015-09-03T19:49:38","date_gmt":"2015-09-03T19:49:38","guid":{"rendered":"https:\/\/acapulco.gob.mx\/transparencia\/?page_id=1078"},"modified":"2026-04-29T21:29:14","modified_gmt":"2026-04-29T21:29:14","slug":"informes-de-estados-de-cambios-en-la-situacion-financiera","status":"publish","type":"page","link":"https:\/\/acapulco.gob.mx\/transparencia\/finanzas-publicas-y-presupuestos\/informacion-financiera\/informes-de-estados-de-cambios-en-la-situacion-financiera\/","title":{"rendered":"Informes de estados de cambios en la situaci\u00f3n financiera"},"content":{"rendered":"<p>&nbsp;<\/p>\n<ul>\n<li>Estados de Cambios en la Situaci\u00f3n Financiera 2026 Primer Trimestre\n<p class=\"lip\"><span class=\"descarga\"><a href=\"\/transparencia\/descargar.php?d=\/transparencia\/wp-content\/uploads\/finanzas\/infofinanciera\/Estado_de_Cambios_en_la_Situacion_Financiera_2026-1.pdf\">Descargar PDF<\/a><\/span><\/p>\n<\/li>\n<li>Estados de Cambios en la Situaci\u00f3n Financiera 2025 Cuarto Trimestre\n<p class=\"lip\"><span class=\"descarga\"><a href=\"\/transparencia\/descargar.php?d=\/transparencia\/wp-content\/uploads\/finanzas\/infofinanciera\/Estado_de_Cambios_en_la_Situacion_Financiera_2025-4.pdf\">Descargar PDF<\/a><\/span><\/p>\n<\/li>\n<li>Estados de Cambios en la Situaci\u00f3n Financiera 2025 Tercer Trimestre\n<p class=\"lip\"><span class=\"descarga\"><a href=\"\/transparencia\/descargar.php?d=\/transparencia\/wp-content\/uploads\/finanzas\/infofinanciera\/Estado_de_Cambios_en_la_Situacion_Financiera_2025-3.pdf\">Descargar PDF<\/a><\/span><\/p>\n<\/li>\n<li>Estados de Cambios en la Situaci\u00f3n Financiera 2025 Segundo Trimestre\n<p class=\"lip\"><span class=\"descarga\"><a href=\"\/transparencia\/descargar.php?d=\/transparencia\/wp-content\/uploads\/finanzas\/infofinanciera\/Estado_de_Cambios_en_la_Situacion_Financiera_2025-2.pdf\">Descargar PDF<\/a><\/span><\/p>\n<\/li>\n<li>Estados de Cambios en la Situaci\u00f3n Financiera 2025 Primer Trimestre\n<p class=\"lip\"><span class=\"descarga\"><a href=\"\/transparencia\/descargar.php?d=\/transparencia\/wp-content\/uploads\/finanzas\/infofinanciera\/Estado_de_Cambios_en_la_Situacion_Financiera_2025-1.pdf\">Descargar PDF<\/a><\/span><\/p>\n<\/li>\n<li>Estados de Cambios en la Situaci\u00f3n Financiera 2024 Cuarto Trimestre\n<p class=\"lip\"><span class=\"descarga\"><a href=\"\/transparencia\/descargar.php?d=\/transparencia\/wp-content\/uploads\/finanzas\/infofinanciera\/Estado_de_Cambios_en_la_Situacion_Financiera_2024-4.pdf\">Descargar PDF<\/a><\/span><\/p>\n<\/li>\n<li>Estados de Cambios en la Situaci\u00f3n Financiera 2024 Tercer Trimestre\n<p class=\"lip\"><span class=\"descarga\"><a href=\"\/transparencia\/descargar.php?d=\/transparencia\/wp-content\/uploads\/finanzas\/infofinanciera\/Estado_de_Cambios_en_la_Situacion_Financiera_2024-3.pdf\">Descargar PDF<\/a><\/span><\/p>\n<\/li>\n<li>Estados de Cambios en la Situaci\u00f3n Financiera 2024 Segundo Trimestre\n<p class=\"lip\"><span class=\"descarga\"><a href=\"\/transparencia\/descargar.php?d=\/transparencia\/wp-content\/uploads\/finanzas\/infofinanciera\/Estado_de_Cambios_en_la_Situacion_Financiera_2024-2.pdf\">Descargar PDF<\/a><\/span><\/p>\n<\/li>\n<li>Estados de Cambios en la Situaci\u00f3n Financiera 2024 Primer Trimestre\n<p class=\"lip\"><span class=\"descarga\"><a href=\"\/transparencia\/descargar.php?d=\/transparencia\/wp-content\/uploads\/finanzas\/infofinanciera\/Estado_de_Cambios_en_la_Situacion_Financiera_2024-1.pdf\">Descargar PDF<\/a><\/span><\/p>\n<\/li>\n<li>Estados de Cambios en la Situaci\u00f3n Financiera 2023 Cuarto Trimestre\n<p class=\"lip\"><span class=\"descarga\"><a href=\"\/transparencia\/descargar.php?d=\/transparencia\/wp-content\/uploads\/finanzas\/infofinanciera\/Estado_de_Cambios_en_la_Situacion_Financiera_2023-4.pdf\">Descargar PDF<\/a><\/span><\/p>\n<\/li>\n<li>Estados de Cambios en la Situaci\u00f3n Financiera 2023 Tercer Trimestre\n<p class=\"lip\"><span class=\"descarga\"><a href=\"\/transparencia\/descargar.php?d=\/transparencia\/wp-content\/uploads\/finanzas\/infofinanciera\/Estado_de_Cambios_en_la_Situacion_Financiera_2023-3.pdf\">Descargar PDF<\/a><\/span><\/p>\n<\/li>\n<li>Estados de Cambios en la Situaci\u00f3n Financiera 2023 Segundo Trimestre\n<p class=\"lip\"><span class=\"descarga\"><a href=\"\/transparencia\/descargar.php?d=\/transparencia\/wp-content\/uploads\/finanzas\/infofinanciera\/Estado_de_Cambios_en_la_Situacion_Financiera_2023-2.pdf\">Descargar PDF<\/a><\/span><\/p>\n<\/li>\n<li>Estados de Cambios en la Situaci\u00f3n Financiera 2023 Primer Trimestre\n<p class=\"lip\"><span class=\"descarga\"><a href=\"\/transparencia\/descargar.php?d=\/transparencia\/wp-content\/uploads\/finanzas\/infofinanciera\/Estado_de_Cambios_en_la_Situacion_Financiera_2023-1.pdf\">Descargar PDF<\/a><\/span><\/p>\n<\/li>\n<li>Estados de Cambios en la Situaci\u00f3n Financiera 2022 Cuarto Trimestre\n<p class=\"lip\"><span class=\"descarga\"><a href=\"\/transparencia\/descargar.php?d=\/transparencia\/wp-content\/uploads\/finanzas\/infofinanciera\/Estado_de_Cambios_en_la_Situacion_Financiera_2022-4.pdf\">Descargar PDF<\/a><\/span><\/p>\n<\/li>\n<li>Estados de Cambios en la Situaci\u00f3n Financiera 2022 Tercer Trimestre\n<p class=\"lip\"><span class=\"descarga\"><a href=\"\/transparencia\/descargar.php?d=\/transparencia\/wp-content\/uploads\/finanzas\/infofinanciera\/Estado_de_Cambios_en_la_Situacion_Financiera_2022-3.pdf\">Descargar PDF<\/a><\/span><\/p>\n<\/li>\n<li>Estados de Cambios en la Situaci\u00f3n Financiera 2022 Segundo Trimestre\n<p class=\"lip\"><span class=\"descarga\"><a href=\"\/transparencia\/descargar.php?d=\/transparencia\/wp-content\/uploads\/finanzas\/infofinanciera\/Estado_de_Cambios_en_la_Situacion_Financiera_2022-2.pdf\">Descargar PDF<\/a><\/span><\/p>\n<\/li>\n<li>Estados de Cambios en la Situaci\u00f3n Financiera 2022 Primer Trimestre\n<p class=\"lip\"><span class=\"descarga\"><a href=\"\/transparencia\/descargar.php?d=\/transparencia\/wp-content\/uploads\/finanzas\/infofinanciera\/Estado_de_Cambios_en_la_Situacion_Financiera_2022-1.pdf\">Descargar PDF<\/a><\/span><\/p>\n<\/li>\n<li>Estados de Cambios en la Situaci\u00f3n Financiera 2021 Cuarto Trimestre\n<p class=\"lip\"><span class=\"descarga\"><a href=\"\/transparencia\/descargar.php?d=\/transparencia\/wp-content\/uploads\/finanzas\/infofinanciera\/Estado_de_Cambios_en_la_Situacion_Financiera_2021-4.pdf\">Descargar PDF<\/a><\/span><\/p>\n<\/li>\n<li>Estados de Cambios en la Situaci\u00f3n Financiera 2021 Tercer Trimestre\n<p class=\"lip\"><span class=\"descarga\"><a href=\"\/transparencia\/descargar.php?d=\/transparencia\/wp-content\/uploads\/finanzas\/infofinanciera\/Estado_de_Cambios_en_la_Situacion_Financiera_2021-3.pdf\">Descargar PDF<\/a><\/span><\/p>\n<\/li>\n<li>Estados de Cambios en la Situaci\u00f3n Financiera 2021 Segundo Trimestre\n<p class=\"lip\"><span class=\"descarga\"><a href=\"\/transparencia\/descargar.php?d=\/transparencia\/wp-content\/uploads\/finanzas\/infofinanciera\/Estado_de_Cambios_en_la_Situacion_Financiera_2021-2.pdf\">Descargar PDF<\/a><\/span><\/p>\n<\/li>\n<li>Estados de Cambios en la Situaci\u00f3n Financiera 2021 Primer Trimestre\n<p class=\"lip\"><span class=\"descarga\"><a href=\"\/transparencia\/descargar.php?d=\/transparencia\/wp-content\/uploads\/finanzas\/infofinanciera\/Estado_de_Cambios_en_la_Situacion_Financiera_2021-1.pdf\">Descargar PDF<\/a><\/span><\/p>\n<\/li>\n<li>Estados de Cambios en la Situaci\u00f3n Financiera 2020 Cuarto Trimestre\n<p class=\"lip\"><span class=\"descarga\"><a href=\"\/transparencia\/descargar.php?d=\/transparencia\/wp-content\/uploads\/finanzas\/infofinanciera\/Estado_de_Cambios_en_la_Situacion_Financiera_2020-4.pdf\">Descargar PDF<\/a><\/span><\/p>\n<\/li>\n<li>Estados de Cambios en la Situaci\u00f3n Financiera 2020 Tercer Trimestre\n<p class=\"lip\"><span class=\"descarga\"><a href=\"\/transparencia\/descargar.php?d=\/transparencia\/wp-content\/uploads\/finanzas\/infofinanciera\/Estado_de_Cambios_en_la_Situacion_Financiera_2020-3.pdf\">Descargar PDF<\/a><\/span><\/p>\n<\/li>\n<li>Estados de Cambios en la Situaci\u00f3n Financiera 2020 Segundo Trimestre\n<p class=\"lip\"><span class=\"descarga\"><a href=\"\/transparencia\/descargar.php?d=\/transparencia\/wp-content\/uploads\/finanzas\/infofinanciera\/Estado_de_Cambios_en_la_Situacion_Financiera_2020-2.pdf\">Descargar PDF<\/a><\/span><\/p>\n<\/li>\n<li>Estados de Cambios en la Situaci\u00f3n Financiera 2020 Primer Trimestre\n<p class=\"lip\"><span class=\"descarga\"><a href=\"\/transparencia\/descargar.php?d=\/transparencia\/wp-content\/uploads\/finanzas\/infofinanciera\/Estado_de_Cambios_en_la_Situacion_Financiera_2020-1.pdf\">Descargar PDF<\/a><\/span><\/p>\n<\/li>\n<li>Estados de Cambios en la Situaci\u00f3n Financiera 2019 Cuarto Trimestre\n<p class=\"lip\"><span class=\"descarga\"><a href=\"\/transparencia\/descargar.php?d=\/transparencia\/wp-content\/uploads\/finanzas\/infofinanciera\/Estado_de_Cambios_en_la_Situacion_Financiera_2019-4.pdf\">Descargar PDF<\/a><\/span><\/p>\n<\/li>\n<li>Estados de Cambios en la Situaci\u00f3n Financiera 2019 Tercer Trimestre\n<p class=\"lip\"><span class=\"descarga\"><a href=\"\/transparencia\/descargar.php?d=\/transparencia\/wp-content\/uploads\/finanzas\/infofinanciera\/Estado_de_Cambios_en_la_Situacion_Financiera_2019-3.pdf\">Descargar PDF<\/a><\/span><\/p>\n<\/li>\n<li>Estados de Cambios en la Situaci\u00f3n Financiera 2019 Segundo Trimestre\n<p class=\"lip\"><span class=\"descarga\"><a href=\"\/transparencia\/descargar.php?d=\/transparencia\/wp-content\/uploads\/finanzas\/infofinanciera\/Estado_de_Cambios_en_la_Situacion_Financiera_2019-2.pdf\">Descargar PDF<\/a><\/span><\/p>\n<\/li>\n<li>Estados de Cambios en la Situaci\u00f3n Financiera 2019 Primer Trimestre\n<p class=\"lip\"><span class=\"descarga\"><a href=\"\/transparencia\/descargar.php?d=\/transparencia\/wp-content\/uploads\/finanzas\/infofinanciera\/Estado_de_Cambios_en_la_Situacion_Financiera_2019-1.pdf\">Descargar PDF<\/a><\/span><\/p>\n<\/li>\n<li>Estados de Cambios en la Situaci\u00f3n Financiera 2018 Cuarto Trimestre\n<p class=\"lip\"><span class=\"descarga\"><a href=\"\/transparencia\/descargar.php?d=\/transparencia\/wp-content\/uploads\/finanzas\/infofinanciera\/Estado_de_Cambios_en_la_Situacion_Financiera_2018-4.pdf\">Descargar PDF<\/a><\/span><\/p>\n<\/li>\n<li>Estados de Cambios en la Situaci\u00f3n Financiera 2018 Tercer Trimestre\n<p class=\"lip\"><span class=\"descarga\"><a href=\"\/transparencia\/descargar.php?d=\/transparencia\/wp-content\/uploads\/finanzas\/infofinanciera\/Estado_de_Cambios_en_la_Situacion_Financiera_2018-3.pdf\">Descargar PDF<\/a><\/span><\/p>\n<\/li>\n<li>Estados de Cambios en la Situaci\u00f3n Financiera 2018 Segundo Trimestre\n<p class=\"lip\"><span class=\"descarga\"><a href=\"\/transparencia\/descargar.php?d=\/transparencia\/wp-content\/uploads\/finanzas\/infofinanciera\/Estado_de_Cambios_en_la_Situacion_Financiera_2018-2.pdf\">Descargar PDF<\/a><\/span><\/p>\n<\/li>\n<li>Estados de Cambios en la Situaci\u00f3n Financiera 2018 Primer Trimestre\n<p class=\"lip\"><span class=\"descarga\"><a href=\"\/transparencia\/descargar.php?d=\/transparencia\/wp-content\/uploads\/finanzas\/infofinanciera\/Estado_de_Cambios_en_la_Situacion_Financiera_2018-1.pdf\">Descargar PDF<\/a><\/span><\/p>\n<\/li>\n<li>Estados de Cambios en la Situaci\u00f3n Financiera 2017 Cuarto Trimestre\n<p class=\"lip\"><span class=\"descarga\"><a href=\"\/transparencia\/descargar.php?d=\/transparencia\/wp-content\/uploads\/finanzas\/infofinanciera\/Estado_de_Cambios_en_la_Situacion_Financiera_2017-4.pdf\">Descargar PDF<\/a><\/span><\/p>\n<\/li>\n<li>Estados de Cambios en la Situaci\u00f3n Financiera 2017 Tercer Trimestre\n<p class=\"lip\"><span class=\"descarga\"><a href=\"\/transparencia\/descargar.php?d=\/transparencia\/wp-content\/uploads\/finanzas\/infofinanciera\/Estado_de_Cambios_en_la_Situacion_Financiera_2017-3.pdf\">Descargar PDF<\/a><\/span><\/p>\n<\/li>\n<li>Estados de Cambios en la Situaci\u00f3n Financiera 2017 Segundo Trimestre\n<p class=\"lip\"><span class=\"descarga\"><a href=\"\/transparencia\/descargar.php?d=\/transparencia\/wp-content\/uploads\/finanzas\/infofinanciera\/Estado_de_Cambios_en_la_Situacion_Financiera_2017-2.pdf\">Descargar PDF<\/a><\/span><\/p>\n<\/li>\n<li>Estados de Cambios en la Situaci\u00f3n Financiera 2017 Primer Trimestre\n<p class=\"lip\"><span class=\"descarga\"><a href=\"\/transparencia\/descargar.php?d=\/transparencia\/wp-content\/uploads\/finanzas\/infofinanciera\/Estado_de_Cambios_en_la_Situacion_Financiera_2017-1.pdf\">Descargar PDF<\/a><\/span><\/p>\n<\/li>\n<li>Estados de Cambios en la Situaci\u00f3n Financiera 2016 Consolidado\n<p class=\"lip\"><span class=\"descarga\"><a href=\"\/transparencia\/descargar.php?d=\/transparencia\/wp-content\/uploads\/finanzas\/infofinanciera\/Estado_de_Cambios_en_la_Situacion_Financiera_2016-consolidado.pdf\">Descargar PDF<\/a><\/span><\/p>\n<\/li>\n<li>Estados de Cambios en la Situaci\u00f3n Financiera 2016 Cuarto Trimestre\n<p class=\"lip\"><span class=\"descarga\"><a href=\"\/transparencia\/descargar.php?d=\/transparencia\/wp-content\/uploads\/finanzas\/infofinanciera\/Estado_de_Cambios_en_la_Situacion_Financiera_2016-4.pdf\">Descargar PDF<\/a><\/span><\/p>\n<\/li>\n<li>Estados de Cambios en la Situaci\u00f3n Financiera 2016 Tercer Trimestre\n<p class=\"lip\"><span class=\"descarga\"><a href=\"\/transparencia\/descargar.php?d=\/transparencia\/wp-content\/uploads\/finanzas\/infofinanciera\/Estado_de_Cambios_en_la_Situacion_Financiera_2016-3.pdf\">Descargar PDF<\/a><\/span><\/p>\n<\/li>\n<li>Estados de Cambios en la Situaci\u00f3n Financiera 2016 Segundo Trimestre\n<p class=\"lip\"><span class=\"descarga\"><a href=\"\/transparencia\/descargar.php?d=\/transparencia\/wp-content\/uploads\/finanzas\/infofinanciera\/Estado_de_Cambios_en_la_Situacion_Financiera_2016-2.pdf\">Descargar PDF<\/a><\/span><\/p>\n<\/li>\n<li>Estados de Cambios en la Situaci\u00f3n Financiera 2016 Primer Trimestre\n<p class=\"lip\"><span class=\"descarga\"><a href=\"\/transparencia\/descargar.php?d=\/transparencia\/wp-content\/uploads\/finanzas\/infofinanciera\/Estado_de_Cambios_en_la_Situacion_Financiera_2016-1.pdf\">Descargar PDF<\/a><\/span><\/p>\n<\/li>\n<li>Estados de Cambios en la Situaci\u00f3n Financiera 2015 Consolidado\n<p class=\"lip\"><span class=\"descarga\"><a href=\"\/transparencia\/descargar.php?d=\/transparencia\/wp-content\/uploads\/finanzas\/infofinanciera\/Estado_de_Cambios_en_la_Situacion_Financiera_2015-consolidado.pdf\">Descargar PDF<\/a><\/span><\/p>\n<\/li>\n<li>Estados de Cambios en la Situaci\u00f3n Financiera 2015 Cuarto Trimestre\n<p class=\"lip\"><span class=\"descarga\"><a href=\"\/transparencia\/descargar.php?d=\/transparencia\/wp-content\/uploads\/finanzas\/infofinanciera\/Estado_de_Cambios_en_la_Situacion_Financiera_2015-4.pdf\">Descargar PDF<\/a><\/span><\/p>\n<\/li>\n<li>Estados de Cambios en la Situaci\u00f3n Financiera 2015 Tercer Trimestre\n<p class=\"lip\"><span class=\"descarga\"><a href=\"\/transparencia\/descargar.php?d=\/transparencia\/wp-content\/uploads\/finanzas\/infofinanciera\/Estado_de_Cambios_en_la_Situacion_Financiera_2015-3.pdf\">Descargar PDF<\/a><\/span><\/p>\n<\/li>\n<li>Estados de Cambios en la Situaci\u00f3n Financiera 2015 Primer Semestre\n<p class=\"lip\"><span class=\"descarga\"><a href=\"\/transparencia\/descargar.php?d=\/transparencia\/wp-content\/uploads\/finanzas\/infofinanciera\/Estado_de_Cambios_en_la_Situacion_Financiera_2015-1.pdf\">Descargar PDF<\/a><\/span><\/p>\n<\/li>\n<li>Estados de Cambios en la Situaci\u00f3n Financiera 2014\n<p class=\"lip\"><span class=\"descarga\"><a href=\"\/transparencia\/descargar.php?d=\/transparencia\/wp-content\/uploads\/finanzas\/infofinanciera\/Estado_de_Cambios_en_la_Situacion_Financiera_2014.pdf\">Descargar PDF<\/a><\/span><\/p>\n<\/li>\n<\/ul>\n","protected":false},"excerpt":{"rendered":"<p>&nbsp; Estados de Cambios en la Situaci\u00f3n Financiera 2026 Primer Trimestre Descargar PDF Estados de Cambios en la Situaci\u00f3n Financiera 2025 Cuarto Trimestre Descargar PDF Estados de Cambios en la Situaci\u00f3n Financiera 2025 Tercer Trimestre Descargar PDF Estados de Cambios en la Situaci\u00f3n Financiera 2025 Segundo Trimestre Descargar PDF Estados de Cambios en la Situaci\u00f3n <a class=\"more-link\" href=\"https:\/\/acapulco.gob.mx\/transparencia\/finanzas-publicas-y-presupuestos\/informacion-financiera\/informes-de-estados-de-cambios-en-la-situacion-financiera\/\">Continue reading <i class=\"fa fa-chevron-right\"><\/i><\/a><\/p>\n","protected":false},"author":1,"featured_media":0,"parent":61,"menu_order":0,"comment_status":"closed","ping_status":"closed","template":"","meta":[],"_links":{"self":[{"href":"https:\/\/acapulco.gob.mx\/transparencia\/wp-json\/wp\/v2\/pages\/1078"}],"collection":[{"href":"https:\/\/acapulco.gob.mx\/transparencia\/wp-json\/wp\/v2\/pages"}],"about":[{"href":"https:\/\/acapulco.gob.mx\/transparencia\/wp-json\/wp\/v2\/types\/page"}],"author":[{"embeddable":true,"href":"https:\/\/acapulco.gob.mx\/transparencia\/wp-json\/wp\/v2\/users\/1"}],"replies":[{"embeddable":true,"href":"https:\/\/acapulco.gob.mx\/transparencia\/wp-json\/wp\/v2\/comments?post=1078"}],"version-history":[{"count":53,"href":"https:\/\/acapulco.gob.mx\/transparencia\/wp-json\/wp\/v2\/pages\/1078\/revisions"}],"predecessor-version":[{"id":7974,"href":"https:\/\/acapulco.gob.mx\/transparencia\/wp-json\/wp\/v2\/pages\/1078\/revisions\/7974"}],"up":[{"embeddable":true,"href":"https:\/\/acapulco.gob.mx\/transparencia\/wp-json\/wp\/v2\/pages\/61"}],"wp:attachment":[{"href":"https:\/\/acapulco.gob.mx\/transparencia\/wp-json\/wp\/v2\/media?parent=1078"}],"curies":[{"name":"wp","href":"https:\/\/api.w.org\/{rel}","templated":true}]}}