{"id":1080,"date":"2015-09-03T19:53:39","date_gmt":"2015-09-03T19:53:39","guid":{"rendered":"https:\/\/acapulco.gob.mx\/transparencia\/?page_id=1080"},"modified":"2026-04-29T21:27:51","modified_gmt":"2026-04-29T21:27:51","slug":"informes-de-estados-de-variaciones-en-la-hacienda-publica","status":"publish","type":"page","link":"https:\/\/acapulco.gob.mx\/transparencia\/finanzas-publicas-y-presupuestos\/informacion-financiera\/informes-de-estados-de-variaciones-en-la-hacienda-publica\/","title":{"rendered":"Informes de estados de variaciones en la hacienda p\u00fablica"},"content":{"rendered":"<p>&nbsp;<\/p>\n<ul>\n<li>Estado de Variaci\u00f3n en la Hacienda P\u00fablica 2026 Primer Trimestre\n<p class=\"lip\"><span class=\"descarga\"><a href=\"\/transparencia\/descargar.php?d=\/transparencia\/wp-content\/uploads\/finanzas\/infofinanciera\/Estado_de_Variaciones_en_la_Hacienda_Publica_2026-1.pdf\">Descargar PDF<\/a><\/span><\/p>\n<\/li>\n<li>Estado de Variaci\u00f3n en la Hacienda P\u00fablica 2025 Cuarto Trimestre\n<p class=\"lip\"><span class=\"descarga\"><a href=\"\/transparencia\/descargar.php?d=\/transparencia\/wp-content\/uploads\/finanzas\/infofinanciera\/Estado_de_Variaciones_en_la_Hacienda_Publica_2025-4.pdf\">Descargar PDF<\/a><\/span><\/p>\n<\/li>\n<li>Estado de Variaci\u00f3n en la Hacienda P\u00fablica 2025 Tercer Trimestre\n<p class=\"lip\"><span class=\"descarga\"><a href=\"\/transparencia\/descargar.php?d=\/transparencia\/wp-content\/uploads\/finanzas\/infofinanciera\/Estado_de_Variaciones_en_la_Hacienda_Publica_2025-3.pdf\">Descargar PDF<\/a><\/span><\/p>\n<\/li>\n<li>Estado de Variaci\u00f3n en la Hacienda P\u00fablica 2025 Segundo Trimestre\n<p class=\"lip\"><span class=\"descarga\"><a href=\"\/transparencia\/descargar.php?d=\/transparencia\/wp-content\/uploads\/finanzas\/infofinanciera\/Estado_de_Variaciones_en_la_Hacienda_Publica_2025-2.pdf\">Descargar PDF<\/a><\/span><\/p>\n<\/li>\n<li>Estado de Variaci\u00f3n en la Hacienda P\u00fablica 2025 Primer Trimestre\n<p class=\"lip\"><span class=\"descarga\"><a href=\"\/transparencia\/descargar.php?d=\/transparencia\/wp-content\/uploads\/finanzas\/infofinanciera\/Estado_de_Variaciones_en_la_Hacienda_Publica_2025-1.pdf\">Descargar PDF<\/a><\/span><\/p>\n<\/li>\n<li>Estado de Variaci\u00f3n en la Hacienda P\u00fablica 2024 Cuarto Trimestre\n<p class=\"lip\"><span class=\"descarga\"><a href=\"\/transparencia\/descargar.php?d=\/transparencia\/wp-content\/uploads\/finanzas\/infofinanciera\/Estado_de_Variaciones_en_la_Hacienda_Publica_2024-4.pdf\">Descargar PDF<\/a><\/span><\/p>\n<\/li>\n<li>Estado de Variaci\u00f3n en la Hacienda P\u00fablica 2024 Tercer Trimestre\n<p class=\"lip\"><span class=\"descarga\"><a href=\"\/transparencia\/descargar.php?d=\/transparencia\/wp-content\/uploads\/finanzas\/infofinanciera\/Estado_de_Variaciones_en_la_Hacienda_Publica_2024-3.pdf\">Descargar PDF<\/a><\/span><\/p>\n<\/li>\n<li>Estado de Variaci\u00f3n en la Hacienda P\u00fablica 2024 Segundo Trimestre\n<p class=\"lip\"><span class=\"descarga\"><a href=\"\/transparencia\/descargar.php?d=\/transparencia\/wp-content\/uploads\/finanzas\/infofinanciera\/Estado_de_Variaciones_en_la_Hacienda_Publica_2024-2.pdf\">Descargar PDF<\/a><\/span><\/p>\n<\/li>\n<li>Estado de Variaci\u00f3n en la Hacienda P\u00fablica 2024 Primer Trimestre\n<p class=\"lip\"><span class=\"descarga\"><a href=\"\/transparencia\/descargar.php?d=\/transparencia\/wp-content\/uploads\/finanzas\/infofinanciera\/Estado_de_Variaciones_en_la_Hacienda_Publica_2024-1.pdf\">Descargar PDF<\/a><\/span><\/p>\n<\/li>\n<li>Estado de Variaci\u00f3n en la Hacienda P\u00fablica 2023 Cuarto Trimestre\n<p class=\"lip\"><span class=\"descarga\"><a href=\"\/transparencia\/descargar.php?d=\/transparencia\/wp-content\/uploads\/finanzas\/infofinanciera\/Estado_de_Variaciones_en_la_Hacienda_Publica_2023-4.pdf\">Descargar PDF<\/a><\/span><\/p>\n<\/li>\n<li>Estado de Variaci\u00f3n en la Hacienda P\u00fablica 2023 Tercer Trimestre\n<p class=\"lip\"><span class=\"descarga\"><a href=\"\/transparencia\/descargar.php?d=\/transparencia\/wp-content\/uploads\/finanzas\/infofinanciera\/Estado_de_Variaciones_en_la_Hacienda_Publica_2023-3.pdf\">Descargar PDF<\/a><\/span><\/p>\n<\/li>\n<li>Estado de Variaci\u00f3n en la Hacienda P\u00fablica 2023 Segundo Trimestre\n<p class=\"lip\"><span class=\"descarga\"><a href=\"\/transparencia\/descargar.php?d=\/transparencia\/wp-content\/uploads\/finanzas\/infofinanciera\/Estado_de_Variaciones_en_la_Hacienda_Publica_2023-2.pdf\">Descargar PDF<\/a><\/span><\/p>\n<\/li>\n<li>Estado de Variaci\u00f3n en la Hacienda P\u00fablica 2023 Primer Trimestre\n<p class=\"lip\"><span class=\"descarga\"><a href=\"\/transparencia\/descargar.php?d=\/transparencia\/wp-content\/uploads\/finanzas\/infofinanciera\/Estado_de_Variaciones_en_la_Hacienda_Publica_2023-1.pdf\">Descargar PDF<\/a><\/span><\/p>\n<\/li>\n<li>Estado de Variaci\u00f3n en la Hacienda P\u00fablica 2022 Cuarto Trimestre\n<p class=\"lip\"><span class=\"descarga\"><a href=\"\/transparencia\/descargar.php?d=\/transparencia\/wp-content\/uploads\/finanzas\/infofinanciera\/Estado_de_Variaciones_en_la_Hacienda_Publica_2022-4.pdf\">Descargar PDF<\/a><\/span><\/p>\n<\/li>\n<li>Estado de Variaci\u00f3n en la Hacienda P\u00fablica 2022 Tercer Trimestre\n<p class=\"lip\"><span class=\"descarga\"><a href=\"\/transparencia\/descargar.php?d=\/transparencia\/wp-content\/uploads\/finanzas\/infofinanciera\/Estado_de_Variaciones_en_la_Hacienda_Publica_2022-3.pdf\">Descargar PDF<\/a><\/span><\/p>\n<\/li>\n<li>Estado de Variaci\u00f3n en la Hacienda P\u00fablica 2022 Segundo Trimestre\n<p class=\"lip\"><span class=\"descarga\"><a href=\"\/transparencia\/descargar.php?d=\/transparencia\/wp-content\/uploads\/finanzas\/infofinanciera\/Estado_de_Variaciones_en_la_Hacienda_Publica_2022-2.pdf\">Descargar PDF<\/a><\/span><\/p>\n<\/li>\n<li>Estado de Variaci\u00f3n en la Hacienda P\u00fablica 2022 Primer Trimestre\n<p class=\"lip\"><span class=\"descarga\"><a href=\"\/transparencia\/descargar.php?d=\/transparencia\/wp-content\/uploads\/finanzas\/infofinanciera\/Estado_de_Variaciones_en_la_Hacienda_Publica_2022-1.pdf\">Descargar PDF<\/a><\/span><\/p>\n<\/li>\n<li>Estado de Variaci\u00f3n en la Hacienda P\u00fablica 2021 Cuarto Trimestre\n<p class=\"lip\"><span class=\"descarga\"><a href=\"\/transparencia\/descargar.php?d=\/transparencia\/wp-content\/uploads\/finanzas\/infofinanciera\/Estado_de_Variaciones_en_la_Hacienda_Publica_2021-4.pdf\">Descargar PDF<\/a><\/span><\/p>\n<\/li>\n<li>Estado de Variaci\u00f3n en la Hacienda P\u00fablica 2021 Tercer Trimestre\n<p class=\"lip\"><span class=\"descarga\"><a href=\"\/transparencia\/descargar.php?d=\/transparencia\/wp-content\/uploads\/finanzas\/infofinanciera\/Estado_de_Variaciones_en_la_Hacienda_Publica_2021-3.pdf\">Descargar PDF<\/a><\/span><\/p>\n<\/li>\n<li>Estado de Variaci\u00f3n en la Hacienda P\u00fablica 2021 Segundo Trimestre\n<p class=\"lip\"><span class=\"descarga\"><a href=\"\/transparencia\/descargar.php?d=\/transparencia\/wp-content\/uploads\/finanzas\/infofinanciera\/Estado_de_Variaciones_en_la_Hacienda_Publica_2021-2.pdf\">Descargar PDF<\/a><\/span><\/p>\n<\/li>\n<li>Estado de Variaci\u00f3n en la Hacienda P\u00fablica 2021 Primer Trimestre\n<p class=\"lip\"><span class=\"descarga\"><a href=\"\/transparencia\/descargar.php?d=\/transparencia\/wp-content\/uploads\/finanzas\/infofinanciera\/Estado_de_Variaciones_en_la_Hacienda_Publica_2021-1.pdf\">Descargar PDF<\/a><\/span><\/p>\n<\/li>\n<li>Estado de Variaci\u00f3n en la Hacienda P\u00fablica 2020 Cuarto Trimestre\n<p class=\"lip\"><span class=\"descarga\"><a href=\"\/transparencia\/descargar.php?d=\/transparencia\/wp-content\/uploads\/finanzas\/infofinanciera\/Estado_de_Variaciones_en_la_Hacienda_Publica_2020-4.pdf\">Descargar PDF<\/a><\/span><\/p>\n<\/li>\n<li>Estado de Variaci\u00f3n en la Hacienda P\u00fablica 2020 Tercer Trimestre\n<p class=\"lip\"><span class=\"descarga\"><a href=\"\/transparencia\/descargar.php?d=\/transparencia\/wp-content\/uploads\/finanzas\/infofinanciera\/Estado_de_Variaciones_en_la_Hacienda_Publica_2020-3.pdf\">Descargar PDF<\/a><\/span><\/p>\n<\/li>\n<li>Estado de Variaci\u00f3n en la Hacienda P\u00fablica 2020 Segundo Trimestre\n<p class=\"lip\"><span class=\"descarga\"><a href=\"\/transparencia\/descargar.php?d=\/transparencia\/wp-content\/uploads\/finanzas\/infofinanciera\/Estado_de_Variaciones_en_la_Hacienda_Publica_2020-2.pdf\">Descargar PDF<\/a><\/span><\/p>\n<\/li>\n<li>Estado de Variaci\u00f3n en la Hacienda P\u00fablica 2020 Primer Trimestre\n<p class=\"lip\"><span class=\"descarga\"><a href=\"\/transparencia\/descargar.php?d=\/transparencia\/wp-content\/uploads\/finanzas\/infofinanciera\/Estado_de_Variaciones_en_la_Hacienda_Publica_2020-1.pdf\">Descargar PDF<\/a><\/span><\/p>\n<\/li>\n<li>Estado de Variaci\u00f3n en la Hacienda P\u00fablica 2019 Cuarto Trimestre\n<p class=\"lip\"><span class=\"descarga\"><a href=\"\/transparencia\/descargar.php?d=\/transparencia\/wp-content\/uploads\/finanzas\/infofinanciera\/Estado_de_Variaciones_en_la_Hacienda_Publica_2019-4.pdf\">Descargar PDF<\/a><\/span><\/p>\n<\/li>\n<li>Estado de Variaci\u00f3n en la Hacienda P\u00fablica 2019 Tercer Trimestre\n<p class=\"lip\"><span class=\"descarga\"><a href=\"\/transparencia\/descargar.php?d=\/transparencia\/wp-content\/uploads\/finanzas\/infofinanciera\/Estado_de_Variaciones_en_la_Hacienda_Publica_2019-3.pdf\">Descargar PDF<\/a><\/span><\/p>\n<\/li>\n<li>Estado de Variaci\u00f3n en la Hacienda P\u00fablica 2019 Segundo Trimestre\n<p class=\"lip\"><span class=\"descarga\"><a href=\"\/transparencia\/descargar.php?d=\/transparencia\/wp-content\/uploads\/finanzas\/infofinanciera\/Estado_de_Variaciones_en_la_Hacienda_Publica_2019-2.pdf\">Descargar PDF<\/a><\/span><\/p>\n<\/li>\n<li>Estado de Variaci\u00f3n en la Hacienda P\u00fablica 2019 Primer Trimestre\n<p class=\"lip\"><span class=\"descarga\"><a href=\"\/transparencia\/descargar.php?d=\/transparencia\/wp-content\/uploads\/finanzas\/infofinanciera\/Estado_de_Variaciones_en_la_Hacienda_Publica_2019-1.pdf\">Descargar PDF<\/a><\/span><\/p>\n<\/li>\n<li>Estado de Variaci\u00f3n en la Hacienda P\u00fablica 2018 Cuarto Trimestre\n<p class=\"lip\"><span class=\"descarga\"><a href=\"\/transparencia\/descargar.php?d=\/transparencia\/wp-content\/uploads\/finanzas\/infofinanciera\/Estado_de_Variaciones_en_la_Hacienda_Publica_2018-4.pdf\">Descargar PDF<\/a><\/span><\/p>\n<\/li>\n<li>Estado de Variaci\u00f3n en la Hacienda P\u00fablica 2018 Tercer Trimestre\n<p class=\"lip\"><span class=\"descarga\"><a href=\"\/transparencia\/descargar.php?d=\/transparencia\/wp-content\/uploads\/finanzas\/infofinanciera\/Estado_de_Variaciones_en_la_Hacienda_Publica_2018-3.pdf\">Descargar PDF<\/a><\/span><\/p>\n<\/li>\n<li>Estado de Variaci\u00f3n en la Hacienda P\u00fablica 2018 Segundo Trimestre\n<p class=\"lip\"><span class=\"descarga\"><a href=\"\/transparencia\/descargar.php?d=\/transparencia\/wp-content\/uploads\/finanzas\/infofinanciera\/Estado_de_Variaciones_en_la_Hacienda_Publica_2018-2.pdf\">Descargar PDF<\/a><\/span><\/p>\n<\/li>\n<li>Estado de Variaci\u00f3n en la Hacienda P\u00fablica 2018 Primer Trimestre\n<p class=\"lip\"><span class=\"descarga\"><a href=\"\/transparencia\/descargar.php?d=\/transparencia\/wp-content\/uploads\/finanzas\/infofinanciera\/Estado_de_Variaciones_en_la_Hacienda_Publica_2018-1.pdf\">Descargar PDF<\/a><\/span><\/p>\n<\/li>\n<li>Estado de Variaci\u00f3n en la Hacienda P\u00fablica 2017 Cuarto Trimestre\n<p class=\"lip\"><span class=\"descarga\"><a href=\"\/transparencia\/descargar.php?d=\/transparencia\/wp-content\/uploads\/finanzas\/infofinanciera\/Estado_de_Variaciones_en_la_Hacienda_Publica_2017-4.pdf\">Descargar PDF<\/a><\/span><\/p>\n<\/li>\n<li>Estado de Variaci\u00f3n en la Hacienda P\u00fablica 2017 Tercer Trimestre\n<p class=\"lip\"><span class=\"descarga\"><a href=\"\/transparencia\/descargar.php?d=\/transparencia\/wp-content\/uploads\/finanzas\/infofinanciera\/Estado_de_Variaciones_en_la_Hacienda_Publica_2017-3.pdf\">Descargar PDF<\/a><\/span><\/p>\n<\/li>\n<li>Estado de Variaci\u00f3n en la Hacienda P\u00fablica 2017 Segundo Trimestre\n<p class=\"lip\"><span class=\"descarga\"><a href=\"\/transparencia\/descargar.php?d=\/transparencia\/wp-content\/uploads\/finanzas\/infofinanciera\/Estado_de_Variaciones_en_la_Hacienda_Publica_2017-2.pdf\">Descargar PDF<\/a><\/span><\/p>\n<\/li>\n<li>Estado de Variaci\u00f3n en la Hacienda P\u00fablica 2017 Primer Trimestre\n<p class=\"lip\"><span class=\"descarga\"><a href=\"\/transparencia\/descargar.php?d=\/transparencia\/wp-content\/uploads\/finanzas\/infofinanciera\/Estado_de_Variaciones_en_la_Hacienda_Publica_2017-1.pdf\">Descargar PDF<\/a><\/span><\/p>\n<\/li>\n<li>Estado de Variaci\u00f3n en la Hacienda P\u00fablica 2016 Consolidado\n<p class=\"lip\"><span class=\"descarga\"><a href=\"\/transparencia\/descargar.php?d=\/transparencia\/wp-content\/uploads\/finanzas\/infofinanciera\/Estado_de_Variaciones_en_la_Hacienda_Publica_2016-consolidado.pdf\">Descargar PDF<\/a><\/span><\/p>\n<\/li>\n<li>Estado de Variaci\u00f3n en la Hacienda P\u00fablica 2016 Cuarto Trimestre\n<p class=\"lip\"><span class=\"descarga\"><a href=\"\/transparencia\/descargar.php?d=\/transparencia\/wp-content\/uploads\/finanzas\/infofinanciera\/Estado_de_Variaciones_en_la_Hacienda_Publica_2016-4.pdf\">Descargar PDF<\/a><\/span><\/p>\n<\/li>\n<li>Estado de Variaci\u00f3n en la Hacienda P\u00fablica 2016 Tercer Trimestre\n<p class=\"lip\"><span class=\"descarga\"><a href=\"\/transparencia\/descargar.php?d=\/transparencia\/wp-content\/uploads\/finanzas\/infofinanciera\/Estado_de_Variaciones_en_la_Hacienda_Publica_2016-3.pdf\">Descargar PDF<\/a><\/span><\/p>\n<\/li>\n<li>Estado de Variaci\u00f3n en la Hacienda P\u00fablica 2016 Segundo Trimestre\n<p class=\"lip\"><span class=\"descarga\"><a href=\"\/transparencia\/descargar.php?d=\/transparencia\/wp-content\/uploads\/finanzas\/infofinanciera\/Estado_de_Variaciones_en_la_Hacienda_Publica_2016-2.pdf\">Descargar PDF<\/a><\/span><\/p>\n<\/li>\n<li>Estado de Variaci\u00f3n en la Hacienda P\u00fablica 2016 Primer Trimestre\n<p class=\"lip\"><span class=\"descarga\"><a href=\"\/transparencia\/descargar.php?d=\/transparencia\/wp-content\/uploads\/finanzas\/infofinanciera\/Estado_de_Variaciones_en_la_Hacienda_Publica_2016-1.pdf\">Descargar PDF<\/a><\/span><\/p>\n<\/li>\n<li>Estado de Variaci\u00f3n en la Hacienda P\u00fablica 2015 Consolidado\n<p class=\"lip\"><span class=\"descarga\"><a href=\"\/transparencia\/descargar.php?d=\/transparencia\/wp-content\/uploads\/finanzas\/infofinanciera\/Estado_de_Variaciones_en_la_Hacienda_Publica_2015-consolidado.pdf\">Descargar PDF<\/a><\/span><\/p>\n<\/li>\n<li>Estado de Variaci\u00f3n en la Hacienda P\u00fablica 2015 Cuarto Trimestre\n<p class=\"lip\"><span class=\"descarga\"><a href=\"\/transparencia\/descargar.php?d=\/transparencia\/wp-content\/uploads\/finanzas\/infofinanciera\/Estado_de_Variaciones_2015-4.pdf\">Descargar PDF<\/a><\/span><\/p>\n<\/li>\n<li>Estado de Variaci\u00f3n en la Hacienda P\u00fablica 2015 Tercer Trimestre\n<p class=\"lip\"><span class=\"descarga\"><a href=\"\/transparencia\/descargar.php?d=\/transparencia\/wp-content\/uploads\/finanzas\/infofinanciera\/Estado_de_Variaciones_2015-3.pdf\">Descargar PDF<\/a><\/span><\/p>\n<\/li>\n<li>Estado de Variaci\u00f3n en la Hacienda P\u00fablica 2015 Primer Semestre\n<p class=\"lip\"><span class=\"descarga\"><a href=\"\/transparencia\/descargar.php?d=\/transparencia\/wp-content\/uploads\/finanzas\/infofinanciera\/Estado_de_Variaciones_en_la_Hacienda_Publica_2015-1.pdf\">Descargar PDF<\/a><\/span><\/p>\n<\/li>\n<li>Estado de Variaci\u00f3n en la Hacienda P\u00fablica 2014\n<p class=\"lip\"><span class=\"descarga\"><a href=\"\/transparencia\/descargar.php?d=\/transparencia\/wp-content\/uploads\/finanzas\/infofinanciera\/Estado_de_Variaciones_en_la_Hacienda_Publica_2014.pdf\">Descargar PDF<\/a><\/span><\/p>\n<\/li>\n<\/ul>\n","protected":false},"excerpt":{"rendered":"<p>&nbsp; Estado de Variaci\u00f3n en la Hacienda P\u00fablica 2026 Primer Trimestre Descargar PDF Estado de Variaci\u00f3n en la Hacienda P\u00fablica 2025 Cuarto Trimestre Descargar PDF Estado de Variaci\u00f3n en la Hacienda P\u00fablica 2025 Tercer Trimestre Descargar PDF Estado de Variaci\u00f3n en la Hacienda P\u00fablica 2025 Segundo Trimestre Descargar PDF Estado de Variaci\u00f3n en la Hacienda <a class=\"more-link\" href=\"https:\/\/acapulco.gob.mx\/transparencia\/finanzas-publicas-y-presupuestos\/informacion-financiera\/informes-de-estados-de-variaciones-en-la-hacienda-publica\/\">Continue reading <i class=\"fa fa-chevron-right\"><\/i><\/a><\/p>\n","protected":false},"author":1,"featured_media":0,"parent":61,"menu_order":0,"comment_status":"closed","ping_status":"closed","template":"","meta":[],"_links":{"self":[{"href":"https:\/\/acapulco.gob.mx\/transparencia\/wp-json\/wp\/v2\/pages\/1080"}],"collection":[{"href":"https:\/\/acapulco.gob.mx\/transparencia\/wp-json\/wp\/v2\/pages"}],"about":[{"href":"https:\/\/acapulco.gob.mx\/transparencia\/wp-json\/wp\/v2\/types\/page"}],"author":[{"embeddable":true,"href":"https:\/\/acapulco.gob.mx\/transparencia\/wp-json\/wp\/v2\/users\/1"}],"replies":[{"embeddable":true,"href":"https:\/\/acapulco.gob.mx\/transparencia\/wp-json\/wp\/v2\/comments?post=1080"}],"version-history":[{"count":54,"href":"https:\/\/acapulco.gob.mx\/transparencia\/wp-json\/wp\/v2\/pages\/1080\/revisions"}],"predecessor-version":[{"id":7972,"href":"https:\/\/acapulco.gob.mx\/transparencia\/wp-json\/wp\/v2\/pages\/1080\/revisions\/7972"}],"up":[{"embeddable":true,"href":"https:\/\/acapulco.gob.mx\/transparencia\/wp-json\/wp\/v2\/pages\/61"}],"wp:attachment":[{"href":"https:\/\/acapulco.gob.mx\/transparencia\/wp-json\/wp\/v2\/media?parent=1080"}],"curies":[{"name":"wp","href":"https:\/\/api.w.org\/{rel}","templated":true}]}}