{"id":2728,"date":"2017-09-25T15:25:27","date_gmt":"2017-09-25T15:25:27","guid":{"rendered":"https:\/\/acapulco.gob.mx\/transparencia\/?page_id=2728"},"modified":"2017-11-14T19:14:24","modified_gmt":"2017-11-14T19:14:24","slug":"informacion-contable","status":"publish","type":"page","link":"https:\/\/acapulco.gob.mx\/transparencia\/cuentas-publicas\/ejercicio-fiscal-2015\/entidades-paraestatales-y-fideicomisos\/informacion-contable\/","title":{"rendered":"I. Informaci\u00f3n Contable"},"content":{"rendered":"<p>[learn_more caption=&#8221;CAPAMA&#8221; state=&#8221;open&#8221;]<\/p>\n<ul>\n<li><a href=\"\/transparencia\/descargar.php?d=\/transparencia\/wp-content\/uploads\/finanzas\/cuentapublica\/2015\/paraestatalesyfideicomisos\/infocontable\/CAPAMA\/Estado_de_Actividades_2015-4.pdf\" target=\"_blank\">Estado de Actividades<\/a><\/li>\n<li><a href=\"\/transparencia\/descargar.php?d=\/transparencia\/wp-content\/uploads\/finanzas\/cuentapublica\/2015\/paraestatalesyfideicomisos\/infocontable\/CAPAMA\/Estado_de_Cambios_en_la_Situacion_Financiera_2015-4.pdf\" target=\"_blank\">Estado de Cambios en la Situaci\u00f3n Financiera<\/a><\/li>\n<li><a href=\"\/transparencia\/descargar.php?d=\/transparencia\/wp-content\/uploads\/finanzas\/cuentapublica\/2015\/paraestatalesyfideicomisos\/infocontable\/CAPAMA\/Estado_de_Flujos_de_Efectivo_2015-4.pdf\" target=\"_blank\">Estado de Flujos de Efectivo<\/a><\/li>\n<li><a href=\"\/transparencia\/descargar.php?d=\/transparencia\/wp-content\/uploads\/finanzas\/cuentapublica\/2015\/paraestatalesyfideicomisos\/infocontable\/CAPAMA\/Estado_de_Situacion_Financiera_2015-4.pdf\" target=\"_blank\">Estado de Situaci\u00f3n Financiera<\/a><\/li>\n<li><a href=\"\/transparencia\/descargar.php?d=\/transparencia\/wp-content\/uploads\/finanzas\/cuentapublica\/2015\/paraestatalesyfideicomisos\/infocontable\/CAPAMA\/Notas_a_los_Estados_Financieros_2015-4.pdf\" target=\"_blank\">Notas a los Estados Financieros<\/a><\/li>\n<\/ul>\n<p>[\/learn_more]<\/p>\n<p>[learn_more caption=&#8221;DIF&#8221; state=&#8221;open&#8221;]<\/p>\n<ul>\n<li><a href=\"\/transparencia\/descargar.php?d=\/transparencia\/wp-content\/uploads\/finanzas\/cuentapublica\/2015\/paraestatalesyfideicomisos\/infocontable\/DIF\/Estado_Analitico_del_Activo_2015-4.pdf\" target=\"_blank\">Estado Anal\u00edtico del Activo<\/a><\/li>\n<li><a href=\"\/transparencia\/descargar.php?d=\/transparencia\/wp-content\/uploads\/finanzas\/cuentapublica\/2015\/paraestatalesyfideicomisos\/infocontable\/DIF\/Estado_de_Actividades_2015-4.pdf\" target=\"_blank\">Estado de Actividades<\/a><\/li>\n<li><a href=\"\/transparencia\/descargar.php?d=\/transparencia\/wp-content\/uploads\/finanzas\/cuentapublica\/2015\/paraestatalesyfideicomisos\/infocontable\/DIF\/Estado_de_Cambios_en_la_Situacion_Financiera_2015-4.pdf\" target=\"_blank\">Estado de Cambios en la Situaci\u00f3n Financiera<\/a><\/li>\n<li><a href=\"\/transparencia\/descargar.php?d=\/transparencia\/wp-content\/uploads\/finanzas\/cuentapublica\/2015\/paraestatalesyfideicomisos\/infocontable\/DIF\/Estado_de_Flujos_de_Efectivo_2015-4.pdf\" target=\"_blank\">Estado de Flujos de Efectivo<\/a><\/li>\n<li><a href=\"\/transparencia\/descargar.php?d=\/transparencia\/wp-content\/uploads\/finanzas\/cuentapublica\/2015\/paraestatalesyfideicomisos\/infocontable\/DIF\/Estado_de_Situacion_Financiera_2015-4.pdf\" target=\"_blank\">Estado de Situaci\u00f3n Financiera<\/a><\/li>\n<\/ul>\n<p>[\/learn_more]<\/p>\n","protected":false},"excerpt":{"rendered":"<p>[learn_more caption=&#8221;CAPAMA&#8221; state=&#8221;open&#8221;] Estado de Actividades Estado de Cambios en la Situaci\u00f3n Financiera Estado de Flujos de Efectivo Estado de Situaci\u00f3n Financiera Notas a los Estados Financieros [\/learn_more] [learn_more caption=&#8221;DIF&#8221; state=&#8221;open&#8221;] Estado Anal\u00edtico del Activo Estado de Actividades Estado de Cambios en la Situaci\u00f3n Financiera Estado de Flujos de Efectivo Estado de Situaci\u00f3n Financiera [\/learn_more]<\/p>\n","protected":false},"author":1,"featured_media":0,"parent":2707,"menu_order":0,"comment_status":"closed","ping_status":"closed","template":"","meta":[],"_links":{"self":[{"href":"https:\/\/acapulco.gob.mx\/transparencia\/wp-json\/wp\/v2\/pages\/2728"}],"collection":[{"href":"https:\/\/acapulco.gob.mx\/transparencia\/wp-json\/wp\/v2\/pages"}],"about":[{"href":"https:\/\/acapulco.gob.mx\/transparencia\/wp-json\/wp\/v2\/types\/page"}],"author":[{"embeddable":true,"href":"https:\/\/acapulco.gob.mx\/transparencia\/wp-json\/wp\/v2\/users\/1"}],"replies":[{"embeddable":true,"href":"https:\/\/acapulco.gob.mx\/transparencia\/wp-json\/wp\/v2\/comments?post=2728"}],"version-history":[{"count":2,"href":"https:\/\/acapulco.gob.mx\/transparencia\/wp-json\/wp\/v2\/pages\/2728\/revisions"}],"predecessor-version":[{"id":2891,"href":"https:\/\/acapulco.gob.mx\/transparencia\/wp-json\/wp\/v2\/pages\/2728\/revisions\/2891"}],"up":[{"embeddable":true,"href":"https:\/\/acapulco.gob.mx\/transparencia\/wp-json\/wp\/v2\/pages\/2707"}],"wp:attachment":[{"href":"https:\/\/acapulco.gob.mx\/transparencia\/wp-json\/wp\/v2\/media?parent=2728"}],"curies":[{"name":"wp","href":"https:\/\/api.w.org\/{rel}","templated":true}]}}