{"id":2740,"date":"2017-09-25T15:28:58","date_gmt":"2017-09-25T15:28:58","guid":{"rendered":"https:\/\/acapulco.gob.mx\/transparencia\/?page_id=2740"},"modified":"2017-09-26T17:36:08","modified_gmt":"2017-09-26T17:36:08","slug":"informacion-contable","status":"publish","type":"page","link":"https:\/\/acapulco.gob.mx\/transparencia\/cuentas-publicas\/ejercicio-fiscal-2016\/entidades-paraestatales-y-fideicomisos\/informacion-contable\/","title":{"rendered":"I. Informaci\u00f3n Contable"},"content":{"rendered":"<p>[learn_more caption=&#8221;CAPAMA&#8221; state=&#8221;open&#8221;]<\/p>\n<ul>\n<li><a href=\"\/transparencia\/descargar.php?d=\/transparencia\/wp-content\/uploads\/finanzas\/cuentapublica\/2016\/paraestatalesyfideicomisos\/infocontable\/CAPAMA\/Estado_Analitico_del_Activo_2016-4.pdf\" target=\"_blank\">Estado Anal\u00edtico del Activo<\/a><\/li>\n<li><a href=\"\/transparencia\/descargar.php?d=\/transparencia\/wp-content\/uploads\/finanzas\/cuentapublica\/2016\/paraestatalesyfideicomisos\/infocontable\/CAPAMA\/Estado_de_Actividades_2016-4.pdf\" target=\"_blank\">Estado de Actividades<\/a><\/li>\n<li><a href=\"\/transparencia\/descargar.php?d=\/transparencia\/wp-content\/uploads\/finanzas\/cuentapublica\/2016\/paraestatalesyfideicomisos\/infocontable\/CAPAMA\/Estado_de_Cambios_en_la_Situacion_Financiera_2016-4.pdf\" target=\"_blank\">Estado de Cambios en la Situaci\u00f3n Financiera<\/a><\/li>\n<li><a href=\"\/transparencia\/descargar.php?d=\/transparencia\/wp-content\/uploads\/finanzas\/cuentapublica\/2016\/paraestatalesyfideicomisos\/infocontable\/CAPAMA\/Estado_de_Flujos_de_Efectivo_2016-4.pdf\" target=\"_blank\">Estado de Flujos de Efectivo<\/a><\/li>\n<li><a href=\"\/transparencia\/descargar.php?d=\/transparencia\/wp-content\/uploads\/finanzas\/cuentapublica\/2016\/paraestatalesyfideicomisos\/infocontable\/CAPAMA\/Estado_de_Situacion_Financiera_2016-4.pdf\" target=\"_blank\">Estado de Situaci\u00f3n Financiera<\/a><\/li>\n<li><a href=\"\/transparencia\/descargar.php?d=\/transparencia\/wp-content\/uploads\/finanzas\/cuentapublica\/2016\/paraestatalesyfideicomisos\/infocontable\/CAPAMA\/Estado_de_Variaciones_en_la_Hacienda_Publica_2016-4.pdf\" target=\"_blank\">Estado de Variaciones en la Hacienda P\u00fablica<\/a><\/li>\n<\/ul>\n<p>[\/learn_more]<\/p>\n<p>[learn_more caption=&#8221;DIF&#8221; state=&#8221;open&#8221;]<\/p>\n<ul>\n<li><a href=\"\/transparencia\/descargar.php?d=\/transparencia\/wp-content\/uploads\/finanzas\/cuentapublica\/2016\/paraestatalesyfideicomisos\/infocontable\/DIF\/Estado_Analitico_del_Activo_2016-4.pdf\" target=\"_blank\">Estado Anal\u00edtico del Activo<\/a><\/li>\n<li><a href=\"\/transparencia\/descargar.php?d=\/transparencia\/wp-content\/uploads\/finanzas\/cuentapublica\/2016\/paraestatalesyfideicomisos\/infocontable\/DIF\/Estado_de_Actividades_2016-4.pdf\" target=\"_blank\">Estado de Actividades<\/a><\/li>\n<li><a href=\"\/transparencia\/descargar.php?d=\/transparencia\/wp-content\/uploads\/finanzas\/cuentapublica\/2016\/paraestatalesyfideicomisos\/infocontable\/DIF\/Estado_de_Cambios_en_la_Situacion_Financiera_2016-4.pdf\" target=\"_blank\">Estado de Cambios en la Situaci\u00f3n Financiera<\/a><\/li>\n<li><a href=\"\/transparencia\/descargar.php?d=\/transparencia\/wp-content\/uploads\/finanzas\/cuentapublica\/2016\/paraestatalesyfideicomisos\/infocontable\/DIF\/Estado_de_Flujos_de_Efectivo_2016-4.pdf\" target=\"_blank\">Estado de Flujos de Efectivo<\/a><\/li>\n<li><a href=\"\/transparencia\/descargar.php?d=\/transparencia\/wp-content\/uploads\/finanzas\/cuentapublica\/2016\/paraestatalesyfideicomisos\/infocontable\/DIF\/Estado_de_Situacion_Financiera_2016-4.pdf\" target=\"_blank\">Estado de Situaci\u00f3n Financiera<\/a><\/li>\n<li><a href=\"\/transparencia\/descargar.php?d=\/transparencia\/wp-content\/uploads\/finanzas\/cuentapublica\/2016\/paraestatalesyfideicomisos\/infocontable\/DIF\/Estado_de_Variaciones_en_la_Hacienda_Publica_2016-4.pdf\" target=\"_blank\">Estado de Variaciones en la Hacienda P\u00fablica<\/a><\/li>\n<li><a href=\"\/transparencia\/descargar.php?d=\/transparencia\/wp-content\/uploads\/finanzas\/cuentapublica\/2016\/paraestatalesyfideicomisos\/infocontable\/DIF\/Notas_a_los_Estados_Financieros_2016-4.pdf\" target=\"_blank\">Notas a los Estados Financieros<\/a><\/li>\n<\/ul>\n<p>[\/learn_more]<\/p>\n","protected":false},"excerpt":{"rendered":"<p>[learn_more caption=&#8221;CAPAMA&#8221; state=&#8221;open&#8221;] Estado Anal\u00edtico del Activo Estado de Actividades Estado de Cambios en la Situaci\u00f3n Financiera Estado de Flujos de Efectivo Estado de Situaci\u00f3n Financiera Estado de Variaciones en la Hacienda P\u00fablica [\/learn_more] [learn_more caption=&#8221;DIF&#8221; state=&#8221;open&#8221;] Estado Anal\u00edtico del Activo Estado de Actividades Estado de Cambios en la Situaci\u00f3n Financiera Estado de Flujos de <a class=\"more-link\" href=\"https:\/\/acapulco.gob.mx\/transparencia\/cuentas-publicas\/ejercicio-fiscal-2016\/entidades-paraestatales-y-fideicomisos\/informacion-contable\/\">Continue reading <i class=\"fa fa-chevron-right\"><\/i><\/a><\/p>\n","protected":false},"author":1,"featured_media":0,"parent":2708,"menu_order":0,"comment_status":"closed","ping_status":"closed","template":"","meta":[],"_links":{"self":[{"href":"https:\/\/acapulco.gob.mx\/transparencia\/wp-json\/wp\/v2\/pages\/2740"}],"collection":[{"href":"https:\/\/acapulco.gob.mx\/transparencia\/wp-json\/wp\/v2\/pages"}],"about":[{"href":"https:\/\/acapulco.gob.mx\/transparencia\/wp-json\/wp\/v2\/types\/page"}],"author":[{"embeddable":true,"href":"https:\/\/acapulco.gob.mx\/transparencia\/wp-json\/wp\/v2\/users\/1"}],"replies":[{"embeddable":true,"href":"https:\/\/acapulco.gob.mx\/transparencia\/wp-json\/wp\/v2\/comments?post=2740"}],"version-history":[{"count":3,"href":"https:\/\/acapulco.gob.mx\/transparencia\/wp-json\/wp\/v2\/pages\/2740\/revisions"}],"predecessor-version":[{"id":2760,"href":"https:\/\/acapulco.gob.mx\/transparencia\/wp-json\/wp\/v2\/pages\/2740\/revisions\/2760"}],"up":[{"embeddable":true,"href":"https:\/\/acapulco.gob.mx\/transparencia\/wp-json\/wp\/v2\/pages\/2708"}],"wp:attachment":[{"href":"https:\/\/acapulco.gob.mx\/transparencia\/wp-json\/wp\/v2\/media?parent=2740"}],"curies":[{"name":"wp","href":"https:\/\/api.w.org\/{rel}","templated":true}]}}