{"id":3959,"date":"2019-07-29T17:22:37","date_gmt":"2019-07-29T17:22:37","guid":{"rendered":"https:\/\/acapulco.gob.mx\/transparencia\/?page_id=3959"},"modified":"2026-01-16T20:41:04","modified_gmt":"2026-01-16T20:41:04","slug":"fondo-de-aportaciones-para-la-infraestructura-social-municipal","status":"publish","type":"page","link":"https:\/\/acapulco.gob.mx\/transparencia\/fondo-de-aportaciones-para-la-infraestructura-social-municipal\/","title":{"rendered":"Fondo de Aportaciones para la Infraestructura Social Municipal (FAISMUN)"},"content":{"rendered":"<p>&nbsp;<\/p>\n<ul>\n<li><a href=\"\/transparencia\/descargar.php?d=\/transparencia\/wp-content\/uploads\/comitesyconsejos\/CERTIFICACION_ACTA_COPLADEMUN_2025.pdf\">Acta de la Segunda Sesi\u00f3n Ordinaria del COPLADEMUN<\/a><\/li>\n<li><a href=\"\/transparencia\/descargar.php?d=\/transparencia\/wp-content\/uploads\/comitesyconsejos\/Programa_de_Inversion_FAISMUN_2025_FINAL.xlsx\">Programa de Inversi\u00f3n FAISMUN\u00a02025<\/a><\/li>\n<li><a href=\"\/transparencia\/descargar.php?d=\/transparencia\/wp-content\/uploads\/comitesyconsejos\/Presentacion_2da_sesion_ordinaria_Coplademun.pdf\">Presentaci\u00f3n de la Segunda Reuni\u00f3n Ordinaria COPLADEMUN 2025<\/a><\/li>\n<li><a href=\"\/transparencia\/descargar.php?d=\/transparencia\/wp-content\/uploads\/comitesyconsejos\/Acta_Certificada_COPLADEMUN_Feb2025.pdf\">Acta de la Primera Sesi\u00f3n Ordinaria del Comit\u00e9 de  Planeaci\u00f3n para el Desarrollo Municipal (COPLADEMUN) para la Validaci\u00f3n del Programa Inicial de Obras y Acciones del FAISMUN 2025<\/a><\/li>\n<li><a href=\"\/transparencia\/descargar.php?d=\/transparencia\/wp-content\/uploads\/comitesyconsejos\/Presentacion_COPLADEMUN_Feb2025.pdf\">Programa Inicial de Obras y Acciones del FAISMUN 2025<\/a><\/li>\n<li><a href=\"\/transparencia\/descargar.php?d=\/transparencia\/wp-content\/uploads\/comitesyconsejos\/Presentacion_COPLADEMUN_Feb2025.xlsx\">Presentaci\u00f3n COPLADEMUN Feb\/2025<\/a><\/li>\n<li><a href=\"\/transparencia\/descargar.php?d=\/transparencia\/wp-content\/uploads\/finanzas\/infofinanciera\/Programa_de_Inversion_FAIS_2024.xlsx\">Programa de Inversi\u00f3n FAIS 2024<\/a><\/li>\n<li><a href=\"\/transparencia\/descargar.php?d=\/transparencia\/wp-content\/uploads\/comitesyconsejos\/Presentacion_COPLADEMUN_2024-2027.pdf\">Presentaci\u00f3n del COPLADEMUN 2024-2027<\/a><\/li>\n<li><a href=\"\/transparencia\/descargar.php?d=\/transparencia\/wp-content\/uploads\/comitesyconsejos\/Acta_de_Instalacion_COPLADEMUN_2024-2027.pdf\">Acta de Instalaci\u00f3n del COPLADEMUN para el ejercicio de Gobierno 2024-2027<\/a><\/li>\n<li><a href=\"\/transparencia\/descargar.php?d=\/transparencia\/wp-content\/uploads\/comitesyconsejos\/Acta_Primera_Sesion_COPLADEMUN_2024.pdf\">Acta de la Primera Sesi\u00f3n Ordinaria del COPLADEMUN para la validaci\u00f3n de la propuesta definitiva de obras y acciones 2023 y de las obras que se ejecutar\u00e1n con los recursos del FAISMUN del ejercicio 2024.<\/a><\/li>\n<li><a href=\"\/transparencia\/descargar.php?d=\/transparencia\/wp-content\/uploads\/comitesyconsejos\/Acta_Primera_Sesion_COPLADEMUN_FAIS_2022_y_FAISMUN_2023.pdf\">Acta de la Primera Sesi\u00f3n Ordinaria del COPLADEMUN para la autorizaci\u00f3n de los recursos del FAIS ejercicio 2022 y FAISMUN 2023.<\/a><\/li>\n<li><a href=\"\/transparencia\/descargar.php?d=\/transparencia\/wp-content\/uploads\/finanzas\/infofinanciera\/Propuesta_de_Inversion_FAIS_2022.xlsx\">Propuesta de Inversi\u00f3n FAIS 2022<\/a><\/li>\n<li><a href=\"\/transparencia\/descargar.php?d=\/transparencia\/wp-content\/uploads\/comitesyconsejos\/Presentacion_del_Programa_de_Inversion_FAIS_2022.pdf\">Presentaci\u00f3n del FAIS cierre 2021 y apertura 2022.<\/a><\/li>\n<li><a href=\"\/transparencia\/descargar.php?d=\/transparencia\/wp-content\/uploads\/comitesyconsejos\/Acta_Primera_Sesion_COPLADEMUN_FAIS_oct-dic_2021_y_ejercicio_2022.pdf\">Acta de la Primera Sesi\u00f3n Ordinaria del COPLADEMUN para la autorizaci\u00f3n de los recursos del FAIS octubre-diciembre 2021 y ejercicio 2022<\/a><\/li>\n<li><a href=\"\/transparencia\/descargar.php?d=\/transparencia\/wp-content\/uploads\/comitesyconsejos\/Acta_de_Instalacion_COPLADEMUN_2021-2024.pdf\">Acta de Instalaci\u00f3n del COPLADEMUN para el ejercicio de Gobierno 2021-2024<\/a><\/li>\n<li><a href=\"\/transparencia\/descargar.php?d=\/transparencia\/wp-content\/uploads\/finanzas\/infofinanciera\/Propuesta_de_Inversion_FAIS_2021.xlsx\">Propuesta de Inversi\u00f3n FAIS 2021<\/a><\/li>\n<li><a href=\"\/transparencia\/descargar.php?d=\/transparencia\/wp-content\/uploads\/finanzas\/infofinanciera\/Infografia_FAIS.pdf\">Infograf\u00eda FAIS 2021<\/a><\/li>\n<li><a href=\"\/transparencia\/descargar.php?d=\/transparencia\/wp-content\/uploads\/finanzas\/infofinanciera\/Prontuario_FAIS.pdf\">Prontuario FAIS 2021<\/a><\/li>\n<li><a href=\"\/transparencia\/descargar.php?d=\/transparencia\/wp-content\/uploads\/comitesyconsejos\/Presentacion_COPLADEMUN_FAIS_2021.pptx\">Presentaci\u00f3n del Programa de Inversi\u00f3n FAIS 2021<\/a><\/li>\n<li><a href=\"\/transparencia\/descargar.php?d=\/transparencia\/wp-content\/uploads\/comitesyconsejos\/Acta_Sesion_Ordinaria_COPLADEMUN_160321.pdf\">Acta de la Sesi\u00f3n Ordinaria COPLADEMUN (16-marzo-2021)<\/a><\/li>\n<li><a href=\"\/transparencia\/descargar.php?d=\/transparencia\/wp-content\/uploads\/finanzas\/infofinanciera\/Programa_de_Inversion_FAIS_2020f.xlsx\">Programa de Inversi\u00f3n FAIS 2020<\/a><\/li>\n<li><a href=\"\/transparencia\/descargar.php?d=\/transparencia\/wp-content\/uploads\/comitesyconsejos\/Acta_de_Aprobacion_Programa_de_Inversion_FAIS_2020.pdf\">Acta de Aprobaci\u00f3n del Programa de Inversi\u00f3n del FAIS 2020.<\/a><\/li>\n<li><a href=\"\/transparencia\/descargar.php?d=\/transparencia\/wp-content\/uploads\/comitesyconsejos\/Programa_de_Obras_y_Acciones_FAIS_2020.pdf\">Res\u00famenes de Inversi\u00f3n FAIS 2020.<\/a><\/li>\n<li><a href=\"\/transparencia\/descargar.php?d=\/transparencia\/wp-content\/uploads\/comitesyconsejos\/Acta_de_Instalacion_COPLADEMUN_2019.pdf\">Acta de Instalaci\u00f3n y Aprobaci\u00f3n del Programa de Inversi\u00f3n del FAIS 2019.<\/a><\/li>\n<li><a href=\"\/transparencia\/descargar.php?d=\/transparencia\/wp-content\/uploads\/informes\/finanzaspublicas\/Propuesta_de_Inversion_2019.pdf\">Programa de Inversi\u00f3n FAIS 2019.<\/a><\/li>\n<\/ul>\n","protected":false},"excerpt":{"rendered":"<p>&nbsp; Acta de la Segunda Sesi\u00f3n Ordinaria del COPLADEMUN Programa de Inversi\u00f3n FAISMUN\u00a02025 Presentaci\u00f3n de la Segunda Reuni\u00f3n Ordinaria COPLADEMUN 2025 Acta de la Primera Sesi\u00f3n Ordinaria del Comit\u00e9 de Planeaci\u00f3n para el Desarrollo Municipal (COPLADEMUN) para la Validaci\u00f3n del Programa Inicial de Obras y Acciones del FAISMUN 2025 Programa Inicial de Obras y Acciones <a class=\"more-link\" href=\"https:\/\/acapulco.gob.mx\/transparencia\/fondo-de-aportaciones-para-la-infraestructura-social-municipal\/\">Continue reading <i class=\"fa fa-chevron-right\"><\/i><\/a><\/p>\n","protected":false},"author":1,"featured_media":0,"parent":0,"menu_order":0,"comment_status":"closed","ping_status":"closed","template":"","meta":[],"_links":{"self":[{"href":"https:\/\/acapulco.gob.mx\/transparencia\/wp-json\/wp\/v2\/pages\/3959"}],"collection":[{"href":"https:\/\/acapulco.gob.mx\/transparencia\/wp-json\/wp\/v2\/pages"}],"about":[{"href":"https:\/\/acapulco.gob.mx\/transparencia\/wp-json\/wp\/v2\/types\/page"}],"author":[{"embeddable":true,"href":"https:\/\/acapulco.gob.mx\/transparencia\/wp-json\/wp\/v2\/users\/1"}],"replies":[{"embeddable":true,"href":"https:\/\/acapulco.gob.mx\/transparencia\/wp-json\/wp\/v2\/comments?post=3959"}],"version-history":[{"count":30,"href":"https:\/\/acapulco.gob.mx\/transparencia\/wp-json\/wp\/v2\/pages\/3959\/revisions"}],"predecessor-version":[{"id":7754,"href":"https:\/\/acapulco.gob.mx\/transparencia\/wp-json\/wp\/v2\/pages\/3959\/revisions\/7754"}],"wp:attachment":[{"href":"https:\/\/acapulco.gob.mx\/transparencia\/wp-json\/wp\/v2\/media?parent=3959"}],"curies":[{"name":"wp","href":"https:\/\/api.w.org\/{rel}","templated":true}]}}