{"id":6700,"date":"2024-04-30T22:03:30","date_gmt":"2024-04-30T22:03:30","guid":{"rendered":"https:\/\/acapulco.gob.mx\/transparencia\/?page_id=6700"},"modified":"2026-02-09T22:41:54","modified_gmt":"2026-02-09T22:41:54","slug":"82-vi-b","status":"publish","type":"page","link":"https:\/\/acapulco.gob.mx\/transparencia\/cumplimiento-de-la-ley-de-transparencia-y-acceso-a-la-informacion-publica\/82-vi-b\/","title":{"rendered":"VI-B"},"content":{"rendered":"<p>&nbsp;<\/p>\n<ul>\n<li><a href=\"\/transparencia\/descargar.php?d=\/transparencia\/wp-content\/uploads\/lgtaip\/Formato_82_VI-B_Licencias_de_Construccion_2025_4.xlsx\">Licencias de Construcci\u00f3n (octubre &#8211; diciembre 2025)<\/a><\/li>\n<li><a href=\"\/transparencia\/descargar.php?d=\/transparencia\/wp-content\/uploads\/lgtaip\/Formato_82_VI-B_Licencias_de_Construccion_2025_3.xlsx\">Licencias de Construcci\u00f3n (julio &#8211; septiembre 2025)<\/a><\/li>\n<li><a href=\"\/transparencia\/descargar.php?d=\/transparencia\/wp-content\/uploads\/lgtaip\/Formato_82_VI-B_Licencias_de_Construccion_2025_2.xlsx\">Licencias de Construcci\u00f3n (abril &#8211; junio 2025)<\/a><\/li>\n<li><a href=\"\/transparencia\/descargar.php?d=\/transparencia\/wp-content\/uploads\/lgtaip\/Formato_82_VI-B_Licencias_de_Construccion_2025_1.xlsx\">Licencias de Construcci\u00f3n (enero &#8211; marzo 2025)<\/a><\/li>\n<li><a href=\"\/transparencia\/descargar.php?d=\/transparencia\/wp-content\/uploads\/lgtaip\/Formato_82_VI-B_Licencias_de_Construccion_2024_4.xlsx\">Licencias de Construcci\u00f3n (octubre &#8211; diciembre 2024)<\/a><\/li>\n<li><a href=\"\/transparencia\/descargar.php?d=\/transparencia\/wp-content\/uploads\/lgtaip\/Formato_82_VI-B_Licencias_de_Construccion_2024_2.xlsx\">Licencias de Construcci\u00f3n (abril &#8211; junio 2024)<\/a><\/li>\n<li><a href=\"\/transparencia\/descargar.php?d=\/transparencia\/wp-content\/uploads\/lgtaip\/Formato_82_VI-B_Licencias_de_Construccion_2024_1.xlsx\">Licencias de Construcci\u00f3n (enero &#8211; marzo 2024)<\/a><\/li>\n<\/ul>\n","protected":false},"excerpt":{"rendered":"<p>&nbsp; Licencias de Construcci\u00f3n (octubre &#8211; diciembre 2025) Licencias de Construcci\u00f3n (julio &#8211; septiembre 2025) Licencias de Construcci\u00f3n (abril &#8211; junio 2025) Licencias de Construcci\u00f3n (enero &#8211; marzo 2025) Licencias de Construcci\u00f3n (octubre &#8211; diciembre 2024) Licencias de Construcci\u00f3n (abril &#8211; junio 2024) Licencias de Construcci\u00f3n (enero &#8211; marzo 2024)<\/p>\n","protected":false},"author":1,"featured_media":0,"parent":2286,"menu_order":0,"comment_status":"closed","ping_status":"closed","template":"","meta":[],"_links":{"self":[{"href":"https:\/\/acapulco.gob.mx\/transparencia\/wp-json\/wp\/v2\/pages\/6700"}],"collection":[{"href":"https:\/\/acapulco.gob.mx\/transparencia\/wp-json\/wp\/v2\/pages"}],"about":[{"href":"https:\/\/acapulco.gob.mx\/transparencia\/wp-json\/wp\/v2\/types\/page"}],"author":[{"embeddable":true,"href":"https:\/\/acapulco.gob.mx\/transparencia\/wp-json\/wp\/v2\/users\/1"}],"replies":[{"embeddable":true,"href":"https:\/\/acapulco.gob.mx\/transparencia\/wp-json\/wp\/v2\/comments?post=6700"}],"version-history":[{"count":8,"href":"https:\/\/acapulco.gob.mx\/transparencia\/wp-json\/wp\/v2\/pages\/6700\/revisions"}],"predecessor-version":[{"id":7843,"href":"https:\/\/acapulco.gob.mx\/transparencia\/wp-json\/wp\/v2\/pages\/6700\/revisions\/7843"}],"up":[{"embeddable":true,"href":"https:\/\/acapulco.gob.mx\/transparencia\/wp-json\/wp\/v2\/pages\/2286"}],"wp:attachment":[{"href":"https:\/\/acapulco.gob.mx\/transparencia\/wp-json\/wp\/v2\/media?parent=6700"}],"curies":[{"name":"wp","href":"https:\/\/api.w.org\/{rel}","templated":true}]}}