{"id":7370,"date":"2025-05-02T16:48:47","date_gmt":"2025-05-02T16:48:47","guid":{"rendered":"https:\/\/acapulco.gob.mx\/transparencia\/?page_id=7370"},"modified":"2025-05-02T16:50:11","modified_gmt":"2025-05-02T16:50:11","slug":"informacion-presupuestaria","status":"publish","type":"page","link":"https:\/\/acapulco.gob.mx\/transparencia\/cuentas-publicas\/ejercicio-fiscal-2024\/cuenta-publica-2024\/informacion-presupuestaria\/","title":{"rendered":"II. Informaci\u00f3n Presupuestaria"},"content":{"rendered":"<p>&nbsp;<\/p>\n<ul>\n<li><a href=\"\/transparencia\/descargar.php?d=\/transparencia\/wp-content\/uploads\/finanzas\/cuentapublica\/2024\/cuentapublica\/infopresupuestaria\/Estado_Analitico_de_Ingresos_Presupuestarios_2024-4.pdf\" target=\"_blank\" rel=\"noopener noreferrer\">Estado Anal\u00edtico de Ingresos Presupuestarios<\/a><\/li>\n<li>Estado Anal\u00edtico del Ejercicio del Presupuesto de Egresos\n<ul>\n<li><a href=\"\/transparencia\/descargar.php?d=\/transparencia\/wp-content\/uploads\/finanzas\/cuentapublica\/2024\/cuentapublica\/infopresupuestaria\/Estado_Analitico_Ejercicio_Presupuesto_de_Egresos-Clasif_Administrativa_2024-4.pdf\" target=\"_blank\" rel=\"noopener noreferrer\">Clasificaci\u00f3n Administrativa<\/a><\/li>\n<li><a href=\"\/transparencia\/descargar.php?d=\/transparencia\/wp-content\/uploads\/finanzas\/cuentapublica\/2024\/cuentapublica\/infopresupuestaria\/Estado_Analitico_Ejercicio_Presupuesto_de_Egresos-Clasif_Economica_2024-4.pdf\" target=\"_blank\" rel=\"noopener noreferrer\">Clasificaci\u00f3n Econ\u00f3mica<\/a><\/li>\n<li><a href=\"\/transparencia\/descargar.php?d=\/transparencia\/wp-content\/uploads\/finanzas\/cuentapublica\/2024\/cuentapublica\/infopresupuestaria\/Estado_Analitico_Ejercicio_Presupuesto_de_Egresos-Clasif_Funcional_2024-4.pdf\" target=\"_blank\" rel=\"noopener noreferrer\">Clasificaci\u00f3n Funcional<\/a><\/li>\n<li><a href=\"\/transparencia\/descargar.php?d=\/transparencia\/wp-content\/uploads\/finanzas\/cuentapublica\/2024\/cuentapublica\/infopresupuestaria\/Estado_Analitico_Ejercicio_Presupuesto_de_Egresos-Clasif_ObjetoDelGasto_2024-4.pdf\" target=\"_blank\" rel=\"noopener noreferrer\">Clasificaci\u00f3n por Objeto del Gasto<\/a><\/li>\n<\/ul>\n<\/li>\n<li><a href=\"\/transparencia\/descargar.php?d=\/transparencia\/wp-content\/uploads\/finanzas\/cuentapublica\/2024\/cuentapublica\/infopresupuestaria\/Endeudamiento_Neto_2024-4.pdf\" target=\"_blank\" rel=\"noopener noreferrer\">Endeudamiento Neto<\/a><\/li>\n<li><a href=\"\/transparencia\/descargar.php?d=\/transparencia\/wp-content\/uploads\/finanzas\/cuentapublica\/2024\/cuentapublica\/infopresupuestaria\/Intereses_de_la_Deuda_2024-4.pdf\" target=\"_blank\" rel=\"noopener noreferrer\">Intereses de la Deuda<\/a><\/li>\n<\/ul>\n","protected":false},"excerpt":{"rendered":"<p>&nbsp; Estado Anal\u00edtico de Ingresos Presupuestarios Estado Anal\u00edtico del Ejercicio del Presupuesto de Egresos Clasificaci\u00f3n Administrativa Clasificaci\u00f3n Econ\u00f3mica Clasificaci\u00f3n Funcional Clasificaci\u00f3n por Objeto del Gasto Endeudamiento Neto Intereses de la Deuda<\/p>\n","protected":false},"author":1,"featured_media":0,"parent":7365,"menu_order":0,"comment_status":"closed","ping_status":"closed","template":"","meta":[],"_links":{"self":[{"href":"https:\/\/acapulco.gob.mx\/transparencia\/wp-json\/wp\/v2\/pages\/7370"}],"collection":[{"href":"https:\/\/acapulco.gob.mx\/transparencia\/wp-json\/wp\/v2\/pages"}],"about":[{"href":"https:\/\/acapulco.gob.mx\/transparencia\/wp-json\/wp\/v2\/types\/page"}],"author":[{"embeddable":true,"href":"https:\/\/acapulco.gob.mx\/transparencia\/wp-json\/wp\/v2\/users\/1"}],"replies":[{"embeddable":true,"href":"https:\/\/acapulco.gob.mx\/transparencia\/wp-json\/wp\/v2\/comments?post=7370"}],"version-history":[{"count":2,"href":"https:\/\/acapulco.gob.mx\/transparencia\/wp-json\/wp\/v2\/pages\/7370\/revisions"}],"predecessor-version":[{"id":7372,"href":"https:\/\/acapulco.gob.mx\/transparencia\/wp-json\/wp\/v2\/pages\/7370\/revisions\/7372"}],"up":[{"embeddable":true,"href":"https:\/\/acapulco.gob.mx\/transparencia\/wp-json\/wp\/v2\/pages\/7365"}],"wp:attachment":[{"href":"https:\/\/acapulco.gob.mx\/transparencia\/wp-json\/wp\/v2\/media?parent=7370"}],"curies":[{"name":"wp","href":"https:\/\/api.w.org\/{rel}","templated":true}]}}